000
CDUS45 KGJT 220733
CLIGJT


CLIMATE REPORT
NATIONAL WEATHER SERVICE GRAND JUNCTION CO
130 AM MDT TUE MAY 22 2018


...................................

...THE GRAND JUNCTION CO CLIMATE SUMMARY FOR MAY 21 2018...

CLIMATE NORMAL PERIOD 1981 TO 2010
CLIMATE RECORD PERIOD 1893 TO 2018


WEATHER ITEM   OBSERVED TIME   RECORD YEAR NORMAL DEPARTURE LAST
                VALUE   (LST)  VALUE       VALUE  FROM      YEAR
                                                  NORMAL
..................................................................
TEMPERATURE (F)
 YESTERDAY
  MAXIMUM         85    331 PM  92    2005  78      7       72
  MINIMUM         51   1209 AM  33    1974  48      3       43
  AVERAGE         68                        63      5       58

PRECIPITATION (IN)
  YESTERDAY        0.00          0.29 1959   0.02  -0.02     0.00
  MONTH TO DATE    0.16                      0.63  -0.47     0.66
  SINCE MAR 1      1.44                      2.46  -1.02     1.28
  SINCE JAN 1      2.92                      3.58  -0.66     2.83

SNOWFALL (IN)
  YESTERDAY        0.0           0.0  2017   0.0    0.0      0.0
  MONTH TO DATE    0.0                       0.1   -0.1       T
  SINCE MAR 1      0.2                       3.6   -3.4       T
  SINCE JUL 1      9.0                      19.1  -10.1     13.9
  SNOW DEPTH       0

DEGREE DAYS
 HEATING
  YESTERDAY        0                         4     -4        7
  MONTH TO DATE   61                       128    -67      145
  SINCE MAR 1    984                      1183   -199      958
  SINCE JUL 1   4954                      5562   -608     4605

 COOLING
  YESTERDAY        3                         2      1        0
  MONTH TO DATE   38                        22     16       17
  SINCE MAR 1     40                        25     15       18
  SINCE JAN 1     40                        25     15       18
..................................................................


WIND (MPH)
  HIGHEST WIND SPEED    21   HIGHEST WIND DIRECTION     E (90)
  HIGHEST GUST SPEED    25   HIGHEST GUST DIRECTION     E (90)
  AVERAGE WIND SPEED    10.4


SKY COVER
  POSSIBLE SUNSHINE  MM
  AVERAGE SKY COVER 0.0


WEATHER CONDITIONS
 THE FOLLOWING WEATHER WAS RECORDED YESTERDAY.
  NO SIGNIFICANT WEATHER WAS OBSERVED.


RELATIVE HUMIDITY (PERCENT)
 HIGHEST    51          1200 AM
 LOWEST     11           300 PM
 AVERAGE    31

..........................................................


THE GRAND JUNCTION CO CLIMATE NORMALS FOR TODAY
                         NORMAL    RECORD    YEAR
 MAXIMUM TEMPERATURE (F)   78        94      2012
                                             2005
 MINIMUM TEMPERATURE (F)   49        34      2002


SUNRISE AND SUNSET
MAY 22 2018...........SUNRISE   555 AM MDT   SUNSET   827 PM MDT
MAY 23 2018...........SUNRISE   555 AM MDT   SUNSET   827 PM MDT


-  INDICATES NEGATIVE NUMBERS.
R  INDICATES RECORD WAS SET OR TIED.
MM INDICATES DATA IS MISSING.
T  INDICATES TRACE AMOUNT.




$$
