000
CDUS43 KGID 262228
CLIGRI


CLIMATE REPORT
NATIONAL WEATHER SERVICE HASTINGS NE
527 PM CDT THU APR 26 2018


...................................

...THE GRAND ISLAND NE CLIMATE SUMMARY FOR APRIL 26 2018...
VALID TODAY AS OF 0500 PM LOCAL TIME.

CLIMATE NORMAL PERIOD 1981 TO 2010
CLIMATE RECORD PERIOD 1895 TO 2018


WEATHER ITEM   OBSERVED TIME   RECORD YEAR NORMAL DEPARTURE LAST
                VALUE   (LST)  VALUE       VALUE  FROM      YEAR
                                                  NORMAL
..................................................................
TEMPERATURE (F)
 TODAY
  MAXIMUM         66    217 PM  96    1989  67     -1       46
  MINIMUM         41    626 AM  25    1904  42     -1       29
  AVERAGE         54                        54      0       38

PRECIPITATION (IN)
  TODAY            0.00          1.35 1923   0.09  -0.09     0.00
  MONTH TO DATE    1.26                      2.10  -0.84     0.20
  SINCE MAR 1      2.52                      3.90  -1.38     1.01
  SINCE JAN 1      4.35                      5.11  -0.76     2.33

SNOWFALL (IN)
  TODAY            0.0           T    1997   0.1   -0.1      0.0
                                      1994
  MONTH TO DATE    4.1                       1.5    2.6      0.0
  SINCE MAR 1      4.5                       6.9   -2.4      1.2
  SINCE JUL 1     33.6                      29.0    4.6      8.9
  SNOW DEPTH       0

DEGREE DAYS
 HEATING
  TODAY           11                        11      0       27
  MONTH TO DATE  637                       403    234      312
  SINCE MAR 1   1397                      1199    198     1009
  SINCE JUL 1   6172                      5960    212     5075

 COOLING
  TODAY            0                         1     -1        0
  MONTH TO DATE    0                         7     -7        5
  SINCE MAR 1      0                         7     -7        5
  SINCE JAN 1      0                         7     -7        5
..................................................................


WIND (MPH)
  HIGHEST WIND SPEED    38   HIGHEST WIND DIRECTION     N (350)
  HIGHEST GUST SPEED    49   HIGHEST GUST DIRECTION     N (350)
  AVERAGE WIND SPEED    15.5


SKY COVER
  POSSIBLE SUNSHINE  MM
  AVERAGE SKY COVER 0.1


WEATHER CONDITIONS
 THE FOLLOWING WEATHER WAS RECORDED TODAY.
  NO SIGNIFICANT WEATHER WAS OBSERVED.


RELATIVE HUMIDITY (PERCENT)
 HIGHEST    86           500 AM
 LOWEST     26           400 PM
 AVERAGE    56

..........................................................


THE GRAND ISLAND NE CLIMATE NORMALS FOR TOMORROW
                         NORMAL    RECORD    YEAR
 MAXIMUM TEMPERATURE (F)   67        95      1989
 MINIMUM TEMPERATURE (F)   42        24      1950


SUNRISE AND SUNSET
APRIL 26 2018.........SUNRISE   638 AM CDT   SUNSET   825 PM CDT
APRIL 27 2018.........SUNRISE   637 AM CDT   SUNSET   826 PM CDT


-  INDICATES NEGATIVE NUMBERS.
R  INDICATES RECORD WAS SET OR TIED.
MM INDICATES DATA IS MISSING.
T  INDICATES TRACE AMOUNT.




$$
