000
CDUS42 KRAH 232101
CLIGSO


CLIMATE REPORT
NATIONAL WEATHER SERVICE RALEIGH NC
456 PM EDT MON APR 23 2018


...................................

...THE PIEDMONT TRIAD INTL AIRPORT NC CLIMATE SUMMARY FOR APRIL 23 2018...
VALID TODAY AS OF 0456 PM LOCAL TIME.

CLIMATE NORMAL PERIOD 1981 TO 2010
CLIMATE RECORD PERIOD 1903 TO 2018


WEATHER ITEM   OBSERVED TIME   RECORD YEAR NORMAL DEPARTURE LAST
                VALUE   (LST)  VALUE       VALUE  FROM      YEAR
                                                  NORMAL
..................................................................
TEMPERATURE (F)
 TODAY
  MAXIMUM         60   1041 AM  90    1980  72    -12       52
                                      1965
                                      1925
  MINIMUM         53    616 AM  30    1986  49      4       48
  AVERAGE         57                        61     -4       50

PRECIPITATION (IN)
  TODAY            0.17          2.02 1907   0.12   0.05     1.41
  MONTH TO DATE    2.27                      2.77  -0.50     2.86
  SINCE MAR 1      6.59                      6.50   0.09     5.42
  SINCE JAN 1     12.80                     12.52   0.28    11.03

SNOWFALL (IN)
  TODAY            0.0           0.0    MM   0.0    0.0      0.0
  MONTH TO DATE    T                         0.1   -0.1      0.0
  SINCE MAR 1      5.0                       0.9    4.1       T
  SINCE JUL 1     14.7                       7.6    7.1      8.0
  SNOW DEPTH       0

DEGREE DAYS
 HEATING
  TODAY            8                         6      2       15
  MONTH TO DATE  215                       187     28       94
  SINCE MAR 1    820                       657    163      530
  SINCE JUL 1   3519                      3512      7     2700

 COOLING
  TODAY            0                         2     -2        0
  MONTH TO DATE   11                        23    -12       48
  SINCE MAR 1     13                        28    -15       56
  SINCE JAN 1     21                        28     -7       60
..................................................................


WIND (MPH)
  HIGHEST WIND SPEED    20   HIGHEST WIND DIRECTION     E (110)
  HIGHEST GUST SPEED    25   HIGHEST GUST DIRECTION     E (100)
  AVERAGE WIND SPEED    10.4


SKY COVER
  POSSIBLE SUNSHINE  MM
  AVERAGE SKY COVER 1.0


WEATHER CONDITIONS
 THE FOLLOWING WEATHER WAS RECORDED TODAY.
  RAIN
  LIGHT RAIN
  FOG


RELATIVE HUMIDITY (PERCENT)
 HIGHEST    93           300 PM
 LOWEST     55           300 AM
 AVERAGE    74

..........................................................


THE PIEDMONT TRIAD INTL AIRPORT NC CLIMATE NORMALS FOR TOMORROW
                         NORMAL    RECORD    YEAR
 MAXIMUM TEMPERATURE (F)   73        94      1925
 MINIMUM TEMPERATURE (F)   50        27      1986


SUNRISE AND SUNSET
APRIL 23 2018.........SUNRISE   636 AM EDT   SUNSET   800 PM EDT
APRIL 24 2018.........SUNRISE   635 AM EDT   SUNSET   801 PM EDT


-  INDICATES NEGATIVE NUMBERS.
R  INDICATES RECORD WAS SET OR TIED.
MM INDICATES DATA IS MISSING.
T  INDICATES TRACE AMOUNT.




$$
