000
CDUS42 KGSP 222041 RRA
CLIGSP

CLIMATE REPORT
NATIONAL WEATHER SERVICE GREENVILLE-SPARTANBURG SC
439 PM EDT SUN APR 22 2018


...................................

...THE GREENVILLE-SPARTANBURG SC CLIMATE SUMMARY FOR APRIL 22 2018...
VALID TODAY AS OF 0400 PM LOCAL TIME.

CLIMATE NORMAL PERIOD 1981 TO 2010
CLIMATE RECORD PERIOD 1884 TO 2018


WEATHER ITEM   OBSERVED TIME   RECORD YEAR NORMAL DEPARTURE LAST
                VALUE   (LST)  VALUE       VALUE  FROM      YEAR
                                                  NORMAL
..................................................................
TEMPERATURE (F)
 TODAY
  MAXIMUM         68   1222 PM  90    1963  74     -6       83
  MINIMUM         48    208 AM  32    1978  50     -2       61
  AVERAGE         58                        62     -4       72

PRECIPITATION (IN)
  TODAY            0.00          1.23 1931   0.12  -0.12     0.01
  MONTH TO DATE    2.83                      2.47   0.36     3.58
  SINCE MAR 1      6.39                      6.99  -0.60    10.93
  SINCE JAN 1     14.66                     14.78  -0.12    16.65

SNOWFALL (IN)
  TODAY            0.0           T    1901   0.0    0.0      0.0
  MONTH TO DATE    0.0                       0.0    0.0      0.0
  SINCE MAR 1      0.0                       0.9   -0.9      0.5
  SINCE JUL 1      4.7                       4.7    0.0      3.6
  SNOW DEPTH       0

DEGREE DAYS
 HEATING
  TODAY            7                         5      2        0
  MONTH TO DATE  171                       144     27       53
  SINCE MAR 1    611                       528     83      407
  SINCE JUL 1   2882                      2977    -95     2133

 COOLING
  TODAY            0                         2     -2        7
  MONTH TO DATE   12                        25    -13       55
  SINCE MAR 1     13                        33    -20       71
  SINCE JAN 1     33                        33      0       77
..................................................................


WIND (MPH)
  HIGHEST WIND SPEED    13   HIGHEST WIND DIRECTION     E (110)
  HIGHEST GUST SPEED    17   HIGHEST GUST DIRECTION     E (100)
  AVERAGE WIND SPEED     4.9


SKY COVER
  POSSIBLE SUNSHINE  MM
  AVERAGE SKY COVER 0.7


WEATHER CONDITIONS
 THE FOLLOWING WEATHER WAS RECORDED TODAY.
  HAZE


RELATIVE HUMIDITY (PERCENT)
 HIGHEST    83           800 AM
 LOWEST     52           100 PM
 AVERAGE    68

..........................................................


THE GREENVILLE-SPARTANBURG SC CLIMATE NORMALS FOR TOMORROW
                         NORMAL    RECORD    YEAR
 MAXIMUM TEMPERATURE (F)   75        91      1980
                                             1963
                                             1960
 MINIMUM TEMPERATURE (F)   50        32      1982


SUNRISE AND SUNSET
APRIL 22 2018.........SUNRISE   648 AM EDT   SUNSET   807 PM EDT
APRIL 23 2018.........SUNRISE   647 AM EDT   SUNSET   808 PM EDT


-  INDICATES NEGATIVE NUMBERS.
R  INDICATES RECORD WAS SET OR TIED.
MM INDICATES DATA IS MISSING.
T  INDICATES TRACE AMOUNT.




$$
