207
CDUS41 KLWX 240532
CLIHGR


CLIMATE REPORT
NATIONAL WEATHER SERVICE BALTIMORE MD/WASHINGTON DC
131 AM EDT THU MAY 24 2018


...................................

...THE HAGERSTOWN MD CLIMATE SUMMARY FOR MAY 23 2018...

CLIMATE NORMAL PERIOD 1981 TO 2010
CLIMATE RECORD PERIOD 1998 TO 2018


WEATHER ITEM   OBSERVED TIME   RECORD YEAR NORMAL DEPARTURE LAST
                VALUE   (LST)  VALUE       VALUE  FROM      YEAR
                                                  NORMAL
..................................................................
TEMPERATURE (F)
 YESTERDAY
  MAXIMUM         77    520 PM  MM      MM  74      3       66
  MINIMUM         62   1159 PM  MM      MM  54      8       53
  AVERAGE         70                        64      6       60

PRECIPITATION (IN)
  YESTERDAY        0.00         MM      MM   0.15  -0.15     0.10
  MONTH TO DATE    3.69                      2.86   0.83     3.43
  SINCE MAR 1      9.77                      9.80  -0.03     8.63
  SINCE JAN 1     16.27                     15.03   1.24    12.73

DEGREE DAYS
 HEATING
  YESTERDAY        0                         4     -4        5
  MONTH TO DATE   28                       132   -104      120
  SINCE MAR 1   1293                      1243     50      997
  SINCE JUL 1   4706                      5146   -440     4004

 COOLING
  YESTERDAY        5                         3      2        0
  MONTH TO DATE   97                        33     64       57
  SINCE MAR 1    112                        48     64      115
  SINCE JAN 1    117                        48     69      116
..................................................................


WIND (MPH)
  HIGHEST WIND SPEED    17   HIGHEST WIND DIRECTION     N (340)
  HIGHEST GUST SPEED    23   HIGHEST GUST DIRECTION     N (340)
  AVERAGE WIND SPEED     6.9


SKY COVER
  POSSIBLE SUNSHINE  MM
  AVERAGE SKY COVER 0.4


WEATHER CONDITIONS
 THE FOLLOWING WEATHER WAS RECORDED YESTERDAY.
  NO SIGNIFICANT WEATHER WAS OBSERVED.


RELATIVE HUMIDITY (PERCENT)
 HIGHEST    90           100 AM
 LOWEST     47           500 PM
 AVERAGE    69

..........................................................


THE HAGERSTOWN MD CLIMATE NORMALS FOR TODAY
                         NORMAL    RECORD    YEAR
 MAXIMUM TEMPERATURE (F)   74        MM        MM
 MINIMUM TEMPERATURE (F)   54        MM        MM


SUNRISE AND SUNSET
MAY 24 2018...........SUNRISE   549 AM EDT   SUNSET   827 PM EDT
MAY 25 2018...........SUNRISE   549 AM EDT   SUNSET   827 PM EDT


-  INDICATES NEGATIVE NUMBERS.
R  INDICATES RECORD WAS SET OR TIED.
MM INDICATES DATA IS MISSING.
T  INDICATES TRACE AMOUNT.




$$
