000
CDUS46 KHNX 260042
CLIHJO


CLIMATE REPORT
NATIONAL WEATHER SERVICE SAN JOAQUIN VALLEY, CA
525 PM PDT FRI MAY 25 2018


...................................

...THE HANFORD CA CLIMATE SUMMARY FOR MAY 25 2018...
VALID AS OF 0400 PM LOCAL TIME.

CLIMATE NORMAL PERIOD 1981 TO 2010
CLIMATE RECORD PERIOD 1998 TO 2018


WEATHER ITEM   OBSERVED TIME   RECORD YEAR NORMAL DEPARTURE LAST
                VALUE   (LST)  VALUE       VALUE  FROM      YEAR
                                                  NORMAL
..................................................................
TEMPERATURE (F)
 TODAY
  MAXIMUM         71    203 PM  98    2001  86    -15       83
  MINIMUM         61    717 AM  45    2010  55      6       55
  AVERAGE         66                        71     -5       69

PRECIPITATION (IN)
  TODAY            0.00          0.08 2008   0.01  -0.01     0.00
  MONTH TO DATE    0.00                      0.36  -0.36     0.39
  SINCE OCT 1      4.70                      9.68  -4.98    11.04
  SINCE JAN 1      4.29                      6.55  -2.26     8.17

SNOWFALL (IN)
  TODAY            0.0
  MONTH TO DATE    0.0
  SINCE MAR 1      0.0
  SINCE JUL 1      0.0
  SNOW DEPTH       0

DEGREE DAYS
 HEATING
  TODAY            0                                         0
  MONTH TO DATE    7                                        24
  SINCE MAR 1    372                                       377
  SINCE JUL 1   2042                                      2104

 COOLING
  TODAY            1                                         4
  MONTH TO DATE  130                                       150
  SINCE MAR 1    199                                       165
  SINCE JAN 1    199                                       165
..................................................................


WIND (MPH)
  HIGHEST WIND SPEED    12   HIGHEST WIND DIRECTION    NW (330)
  HIGHEST GUST SPEED    15   HIGHEST GUST DIRECTION    NE (50)
  AVERAGE WIND SPEED     6.0




RELATIVE HUMIDITY (PERCENT)
 HIGHEST    72
 LOWEST     53
 AVERAGE    63

..........................................................


THE HANFORD CA CLIMATE NORMALS FOR TOMORROW
                         NORMAL    RECORD    YEAR
 MAXIMUM TEMPERATURE (F)   87        97      2014
 MINIMUM TEMPERATURE (F)   55        44      2012


SUNRISE AND SUNSET
MAY 25 2018...........SUNRISE   545 AM PDT   SUNSET   806 PM PDT
MAY 26 2018...........SUNRISE   545 AM PDT   SUNSET   807 PM PDT


-  INDICATES NEGATIVE NUMBERS.
R  INDICATES RECORD WAS SET OR TIED.
MM INDICATES DATA IS MISSING.
T  INDICATES TRACE AMOUNT.




$$
