000
CDUS43 KFSD 262243
CLIHON


CLIMATE REPORT
NATIONAL WEATHER SERVICE SIOUX FALLS SD
542 PM CDT THU APR 26 2018


...................................

...THE HURON SD CLIMATE SUMMARY FOR APRIL 26 2018...
VALID TODAY AS OF 0500 PM LOCAL TIME.

CLIMATE NORMAL PERIOD 1981 TO 2010
CLIMATE RECORD PERIOD 1881 TO 2018


WEATHER ITEM   OBSERVED TIME   RECORD YEAR NORMAL DEPARTURE LAST
                VALUE   (LST)  VALUE       VALUE  FROM      YEAR
                                                  NORMAL
..................................................................
TEMPERATURE (F)
 TODAY
  MAXIMUM         63    359 PM  91    1901  64     -1       39
  MINIMUM         43    610 AM  22    1931  38      5       30
  AVERAGE         53                        51      2       35

PRECIPITATION (IN)
  TODAY            0.00          1.59 1938   0.09  -0.09      T
  MONTH TO DATE    2.29                      1.96   0.33     1.18
  SINCE MAR 1      4.25                      3.42   0.83     1.95
  SINCE JAN 1      5.59                      4.52   1.07     2.75

SNOWFALL (IN)
  TODAY            0.0           2.2  1988   0.1   -0.1       T
  MONTH TO DATE   21.9                       3.8   18.1       T
  SINCE MAR 1     30.8                      12.7   18.1     13.9
  SINCE JUL 1     58.7                      43.7   15.0     35.9
  SNOW DEPTH       0

DEGREE DAYS
 HEATING
  TODAY           12                        14     -2       30
  MONTH TO DATE  801                       506    295      448
  SINCE MAR 1   1835                      1493    342     1395
  SINCE JUL 1   7783                      7325    458     6544

 COOLING
  TODAY            0                         0      0        0
  MONTH TO DATE    0                         0      0        0
  SINCE MAR 1      0                         0      0        0
  SINCE JAN 1      0                         0      0        0
..................................................................


WIND (MPH)
  HIGHEST WIND SPEED    30   HIGHEST WIND DIRECTION     N (360)
  HIGHEST GUST SPEED    41   HIGHEST GUST DIRECTION     N (360)
  AVERAGE WIND SPEED    17.8


SKY COVER
  POSSIBLE SUNSHINE  MM
  AVERAGE SKY COVER 0.0


WEATHER CONDITIONS
 THE FOLLOWING WEATHER WAS RECORDED TODAY.
  NO SIGNIFICANT WEATHER WAS OBSERVED.


RELATIVE HUMIDITY (PERCENT)
 HIGHEST    76           600 AM
 LOWEST     29           100 PM
 AVERAGE    53

..........................................................


THE HURON SD CLIMATE NORMALS FOR TOMORROW
                         NORMAL    RECORD    YEAR
 MAXIMUM TEMPERATURE (F)   64        89      1952
 MINIMUM TEMPERATURE (F)   39        18      1909


SUNRISE AND SUNSET
APRIL 26 2018.........SUNRISE   631 AM CDT   SUNSET   831 PM CDT
APRIL 27 2018.........SUNRISE   630 AM CDT   SUNSET   832 PM CDT


-  INDICATES NEGATIVE NUMBERS.
R  INDICATES RECORD WAS SET OR TIED.
MM INDICATES DATA IS MISSING.
T  INDICATES TRACE AMOUNT.




$$
