657
CDUS44 KHUN 262123
CLIHSV


CLIMATE REPORT
NATIONAL WEATHER SERVICE HUNTSVILLE AL
422 PM CDT THU APR 26 2018


...................................

...THE HUNTSVILLE CLIMATE SUMMARY FOR APRIL 26 2018...
VALID TODAY AS OF 0400 PM LOCAL TIME.

CLIMATE NORMAL PERIOD 1981 TO 2010
CLIMATE RECORD PERIOD 1894 TO 2018


WEATHER ITEM   OBSERVED TIME   RECORD YEAR NORMAL DEPARTURE LAST
                VALUE   (LST)  VALUE       VALUE  FROM      YEAR
                                                  NORMAL
..................................................................
TEMPERATURE (F)
 TODAY
  MAXIMUM         61   1223 AM  90    1925  76    -15       83
  MINIMUM         46    547 AM  31    1919  53     -7       58
                                      1910
  AVERAGE         54                        65    -11       71

PRECIPITATION (IN)
  TODAY            0.84          1.26 1967   0.15   0.69     0.00
  MONTH TO DATE    8.99                      3.72   5.27     2.91
  SINCE MAR 1     12.30                      8.93   3.37     6.82
  SINCE JAN 1     22.71                     18.66   4.05    15.69

SNOWFALL (IN)
  TODAY            0.0
  MONTH TO DATE    0.0
  SINCE MAR 1      T
  SINCE JUL 1      0.4
  SNOW DEPTH       0

DEGREE DAYS
 HEATING
  TODAY           11                         3      8        0
  MONTH TO DATE  205                       144     61       53
  SINCE MAR 1    600                       512     88      365
  SINCE JUL 1   2885                      2964    -79     1932

 COOLING
  TODAY            0                         3     -3        6
  MONTH TO DATE   13                        46    -33      118
  SINCE MAR 1     17                        59    -42      143
  SINCE JAN 1     52                        60     -8      148
..................................................................


WIND (MPH)
  HIGHEST WIND SPEED    21   HIGHEST WIND DIRECTION     E (110)
  HIGHEST GUST SPEED    27   HIGHEST GUST DIRECTION     E (110)
  AVERAGE WIND SPEED     7.7


SKY COVER
  POSSIBLE SUNSHINE  MM
  AVERAGE SKY COVER 1.0


WEATHER CONDITIONS
 THE FOLLOWING WEATHER WAS RECORDED TODAY.
  HEAVY RAIN
  RAIN
  LIGHT RAIN
  FOG


RELATIVE HUMIDITY (PERCENT)
 HIGHEST   100           400 AM
 LOWEST     86          1100 AM
 AVERAGE    93

..........................................................


THE HUNTSVILLE CLIMATE NORMALS FOR TOMORROW
                         NORMAL    RECORD    YEAR
 MAXIMUM TEMPERATURE (F)   77        90      1986
 MINIMUM TEMPERATURE (F)   54        36      1919


SUNRISE AND SUNSET
APRIL 26 2018.........SUNRISE   602 AM CDT   SUNSET   728 PM CDT
APRIL 27 2018.........SUNRISE   601 AM CDT   SUNSET   729 PM CDT


-  INDICATES NEGATIVE NUMBERS.
R  INDICATES RECORD WAS SET OR TIED.
MM INDICATES DATA IS MISSING.
T  INDICATES TRACE AMOUNT.




$$
