000
CDUS41 KRLX 220716
CLIHTS


CLIMATE REPORT
NATIONAL WEATHER SERVICE CHARLESTON WV
315 AM EDT SUN APR 22 2018


...................................

...THE HUNTINGTON WV CLIMATE SUMMARY FOR APRIL 21 2018...

CLIMATE NORMAL PERIOD 1981 TO 2010
CLIMATE RECORD PERIOD 1897 TO 2018


WEATHER ITEM   OBSERVED TIME   RECORD YEAR NORMAL DEPARTURE LAST
                VALUE   (LST)  VALUE       VALUE  FROM      YEAR
                                                  NORMAL
..................................................................
TEMPERATURE (F)
 YESTERDAY
  MAXIMUM         68    547 PM  92    1985  70     -2       75
  MINIMUM         39    653 AM  26    1956  46     -7       55
  AVERAGE         54                        58     -4       65

PRECIPITATION (IN)
  YESTERDAY        0.00          1.35 2002   0.11  -0.11     0.08
  MONTH TO DATE    2.51                      2.34   0.17     1.46
  SINCE JAN 1     16.90                     12.28   4.62    12.34

SNOWFALL (IN)
  YESTERDAY        0.0           1.0  1901   0.0    0.0      0.0
  MONTH TO DATE    1.2                       0.9    0.3      0.0
  SINCE SEP 1     12.5                      23.6  -11.1      5.9
  SNOW DEPTH       0

DEGREE DAYS
 HEATING
  YESTERDAY       11                         8      3        0
  MONTH TO DATE  328                       229     99      101
  SINCE MAR 1   1026                       825    201      653
  SINCE JUL 1   4276                      4326    -50     3302

 COOLING
  YESTERDAY        0                         1     -1        0
  MONTH TO DATE   21                        20      1       38
  SINCE MAR 1     21                        25     -4       40
  SINCE JAN 1     28                        25      3       41
..................................................................


WIND (MPH)
  HIGHEST WIND SPEED     9   HIGHEST WIND DIRECTION    NE (30)
  HIGHEST GUST SPEED     9   HIGHEST GUST DIRECTION    NE (30)
  AVERAGE WIND SPEED     5.6


SKY COVER
  POSSIBLE SUNSHINE  MM
  AVERAGE SKY COVER 0.0


WEATHER CONDITIONS
 THE FOLLOWING WEATHER WAS RECORDED YESTERDAY.
  NO SIGNIFICANT WEATHER WAS OBSERVED.


RELATIVE HUMIDITY (PERCENT)
 HIGHEST    54           500 AM
 LOWEST     13           200 PM
 AVERAGE    34

..........................................................


THE HUNTINGTON WV CLIMATE NORMALS FOR TODAY
                         NORMAL    RECORD    YEAR
 MAXIMUM TEMPERATURE (F)   70        91      1920
 MINIMUM TEMPERATURE (F)   46        31      1953
                                             1943


SUNRISE AND SUNSET
APRIL 22 2018.........SUNRISE   645 AM EDT   SUNSET   813 PM EDT
APRIL 23 2018.........SUNRISE   643 AM EDT   SUNSET   814 PM EDT


-  INDICATES NEGATIVE NUMBERS.
R  INDICATES RECORD WAS SET OR TIED.
MM INDICATES DATA IS MISSING.
T  INDICATES TRACE AMOUNT.




$$
