104
CDUS43 KIND 240534
CLIHUF


CLIMATE REPORT
NATIONAL WEATHER SERVICE INDIANAPOLIS IN
134 AM EDT TUE APR 24 2018


...................................

...THE TERRE HAUTE IN CLIMATE SUMMARY FOR APRIL 23 2018...

CLIMATE NORMAL PERIOD 1981 TO 2010
CLIMATE RECORD PERIOD 9999 TO 9999


WEATHER ITEM   OBSERVED TIME   NORMAL DEPARTURE LAST
                VALUE   (LST)  VALUE  FROM      YEAR
                                      NORMAL
......................................................
TEMPERATURE (F)
 YESTERDAY
  MAXIMUM         59    458 PM  67     -8       72
  MINIMUM         49    805 AM  45      4       37
  AVERAGE         54            56     -2       55

PRECIPITATION (IN)
  YESTERDAY        0.38          0.16   0.22     0.00
  MONTH TO DATE    4.45          2.64   1.81     2.66
  SINCE MAR 1      9.42          6.01   3.41     6.23
  SINCE JAN 1     15.27         10.30   4.97    10.57

DEGREE DAYS
 HEATING
  YESTERDAY       11            10      1       10
  MONTH TO DATE  445           305    140      179
  SINCE MAR 1   1220           996    224      750
  SINCE JUL 1   5230          5159     71     4085

 COOLING
  YESTERDAY        0             1     -1        0
  MONTH TO DATE    4             9     -5       19
  SINCE MAR 1      4            10     -6       21
  SINCE JAN 1      4            10     -6       21
......................................................


WIND (MPH)
  HIGHEST WIND SPEED    17   HIGHEST WIND DIRECTION     E (70)
  HIGHEST GUST SPEED    21   HIGHEST GUST DIRECTION     E (70)
  AVERAGE WIND SPEED     9.6


SKY COVER
  AVERAGE SKY COVER 1.0


WEATHER CONDITIONS
 THE FOLLOWING WEATHER WAS RECORDED YESTERDAY.
  RAIN
  LIGHT RAIN
  FOG


RELATIVE HUMIDITY (PERCENT)
 HIGHEST   100          1000 PM
 LOWEST     40          1200 AM
 AVERAGE    70

..........................................................


THE TERRE HAUTE IN CLIMATE NORMALS FOR TODAY
                         NORMAL
 MAXIMUM TEMPERATURE (F)   67
 MINIMUM TEMPERATURE (F)   45


SUNRISE AND SUNSET
APRIL 24 2018.........SUNRISE   659 AM EDT   SUNSET   836 PM EDT
APRIL 25 2018.........SUNRISE   658 AM EDT   SUNSET   837 PM EDT


-  INDICATES NEGATIVE NUMBERS.
R  INDICATES RECORD WAS SET OR TIED.
MM INDICATES DATA IS MISSING.
T  INDICATES TRACE AMOUNT.




$$
