000
CDUS43 KUNR 220833
CLIICR


CLIMATE REPORT
NATIONAL WEATHER SERVICE RAPID CITY SD
231 AM MDT SUN APR 22 2018


...................................

...THE WINNER REGIONAL AIRPORT SD CLIMATE SUMMARY FOR APRIL 21 2018...

CLIMATE NORMAL PERIOD 1981 TO 2010
CLIMATE RECORD PERIOD 9999 TO 9999


WEATHER ITEM   OBSERVED TIME   NORMAL DEPARTURE LAST
                VALUE   (LST)  VALUE  FROM      YEAR
                                      NORMAL
......................................................
TEMPERATURE (F)
 YESTERDAY
  MAXIMUM         48    615 PM  62    -14       61
  MINIMUM         37   1114 PM  38     -1       37
  AVERAGE         43            50     -7       49

PRECIPITATION (IN)
  YESTERDAY        0.01          0.10  -0.09     0.00
  MONTH TO DATE    0.59          1.56  -0.97     2.09
  SINCE MAR 1      2.31          2.94  -0.63     2.41
  SINCE JAN 1      3.34          3.70  -0.36     4.05

DEGREE DAYS
 HEATING
  YESTERDAY       22            15      7       16
  MONTH TO DATE  638           396    242      279
  SINCE MAR 1   1524          1272    252     1013
  SINCE JUL 1   6424          6281    143     5165

 COOLING
  YESTERDAY        0             0      0        0
  MONTH TO DATE    0             0      0        2
  SINCE MAR 1      0             0      0        2
  SINCE JAN 1      0             0      0        2
......................................................


WIND (MPH)
  HIGHEST WIND SPEED    13   HIGHEST WIND DIRECTION    SE (150)
  HIGHEST GUST SPEED    13   HIGHEST GUST DIRECTION    SE (150)
  AVERAGE WIND SPEED     6.2


SKY COVER
  AVERAGE SKY COVER 0.9


WEATHER CONDITIONS
 THE FOLLOWING WEATHER WAS RECORDED YESTERDAY.
  LIGHT RAIN
  FOG
  HAZE


RELATIVE HUMIDITY (PERCENT)
 HIGHEST    85          1200 AM
 LOWEST     61           600 PM
 AVERAGE    73

..........................................................




SUNRISE AND SUNSET
APRIL 22 2018.........SUNRISE   646 AM CDT   SUNSET   831 PM CDT
APRIL 23 2018.........SUNRISE   644 AM CDT   SUNSET   832 PM CDT


-  INDICATES NEGATIVE NUMBERS.
R  INDICATES RECORD WAS SET OR TIED.
MM INDICATES DATA IS MISSING.
T  INDICATES TRACE AMOUNT.




$$
