000
CDUS43 KIND 230537
CLIIND


CLIMATE REPORT
NATIONAL WEATHER SERVICE INDIANAPOLIS IN
136 AM EDT WED MAY 23 2018


...................................

...THE INDIANAPOLIS IN CLIMATE SUMMARY FOR MAY 22 2018...

CLIMATE NORMAL PERIOD 1981 TO 2010
CLIMATE RECORD PERIOD 1871 TO 2018


WEATHER ITEM   OBSERVED TIME   RECORD YEAR NORMAL DEPARTURE LAST
                VALUE   (LST)  VALUE       VALUE  FROM      YEAR
                                                  NORMAL
..................................................................
TEMPERATURE (F)
 YESTERDAY
  MAXIMUM         85    304 PM  93    1941  75     10       71
  MINIMUM         64    500 AM  35    1883  55      9       46
  AVERAGE         75                        64     11       59

PRECIPITATION (IN)
  YESTERDAY        0.00          2.16 1989   0.16  -0.16     0.00
  MONTH TO DATE    1.03                      3.62  -2.59     6.35
  SINCE MAR 1     10.51                     10.99  -0.48    16.67
  SINCE JAN 1     17.16                     15.97   1.19    22.12

SNOWFALL (IN)
  YESTERDAY        0.0           0.0    MM   0.0    0.0      0.0
  MONTH TO DATE    0.0                       0.0    0.0      0.0
  SINCE MAR 1     14.2                       2.8   11.4      1.0
  SINCE JUL 1     23.2                      25.9   -2.7      9.7
  SNOW DEPTH       0

DEGREE DAYS
 HEATING
  YESTERDAY        0                         3     -3        6
  MONTH TO DATE    5                       118   -113      137
  SINCE MAR 1   1343                      1197    146      978
  SINCE JUL 1   5310                      5340    -30     4262

 COOLING
  YESTERDAY       10                         3      7        0
  MONTH TO DATE  138                        37    101       53
  SINCE MAR 1    144                        52     92       85
  SINCE JAN 1    149                        52     97       85
..................................................................


WIND (MPH)
  HIGHEST WIND SPEED    18   HIGHEST WIND DIRECTION     N (20)
  HIGHEST GUST SPEED    26   HIGHEST GUST DIRECTION     W (290)
  AVERAGE WIND SPEED     9.0


SKY COVER
  AVERAGE SKY COVER 0.6


WEATHER CONDITIONS
 THE FOLLOWING WEATHER WAS RECORDED YESTERDAY.
  FOG
  FOG W/VISIBILITY <= 1/4 MILE
  HAZE


RELATIVE HUMIDITY (PERCENT)
 HIGHEST   100          1200 AM
 LOWEST     43           600 PM
 AVERAGE    72

..........................................................


THE INDIANAPOLIS IN CLIMATE NORMALS FOR TODAY
                         NORMAL    RECORD    YEAR
 MAXIMUM TEMPERATURE (F)   75        92      1939
 MINIMUM TEMPERATURE (F)   55        37      1963


SUNRISE AND SUNSET
MAY 23 2018...........SUNRISE   624 AM EDT   SUNSET   900 PM EDT
MAY 24 2018...........SUNRISE   623 AM EDT   SUNSET   901 PM EDT


-  INDICATES NEGATIVE NUMBERS.
R  INDICATES RECORD WAS SET OR TIED.
MM INDICATES DATA IS MISSING.
T  INDICATES TRACE AMOUNT.




$$
