000
CDUS43 KDVN 222125
CLIIOW


CLIMATE REPORT
NATIONAL WEATHER SERVICE QUAD CITIES IA IL
425 PM CDT SUN APR 22 2018


...................................

...THE IOWA CITY IA CLIMATE SUMMARY FOR APRIL 22 2018...
VALID TODAY AS OF 0400 PM LOCAL TIME.

CLIMATE NORMAL PERIOD 1981 TO 2010
CLIMATE RECORD PERIOD 9999 TO 9999


WEATHER ITEM   OBSERVED TIME   RECORD YEAR NORMAL DEPARTURE LAST
                VALUE   (LST)  VALUE       VALUE  FROM      YEAR
                                                  NORMAL
..................................................................
TEMPERATURE (F)
 TODAY
  MAXIMUM         68    259 PM  MM      MM  64      4       66
  MINIMUM         46    425 AM  MM      MM  42      4       42
  AVERAGE         57                        53      4       54

PRECIPITATION (IN)
  TODAY            0.00         MM      MM   0.13  -0.13     0.00
  MONTH TO DATE    0.68                      2.31  -1.63     2.61
  SINCE MAR 1      3.82                      4.53  -0.71     5.67
  SINCE JAN 1      6.66                      6.69  -0.03     8.07

DEGREE DAYS
 HEATING
  TODAY            8                        12     -4       11
  MONTH TO DATE  595                       341    254      202
  SINCE MAR 1   1447                      1158    289      952
  SINCE JUL 1   6156                      6108     48     4847

 COOLING
  TODAY            0                         0      0        0
  MONTH TO DATE    0                         0      0       11
  SINCE MAR 1      0                         0      0       11
  SINCE JAN 1      0                         0      0       11
..................................................................


WIND (MPH)
  HIGHEST WIND SPEED    22   HIGHEST WIND DIRECTION    NE (50)
  HIGHEST GUST SPEED    27   HIGHEST GUST DIRECTION    NE (50)
  AVERAGE WIND SPEED    11.6


SKY COVER
  POSSIBLE SUNSHINE  MM
  AVERAGE SKY COVER 0.0


WEATHER CONDITIONS
 THE FOLLOWING WEATHER WAS RECORDED TODAY.
  NO SIGNIFICANT WEATHER WAS OBSERVED.


RELATIVE HUMIDITY (PERCENT)
 HIGHEST    53           300 AM
 LOWEST     15          1200 PM
 AVERAGE    34

..........................................................


THE IOWA CITY IA CLIMATE NORMALS FOR TOMORROW
                         NORMAL    RECORD    YEAR
 MAXIMUM TEMPERATURE (F)   64        MM        MM
 MINIMUM TEMPERATURE (F)   43        MM        MM


SUNRISE AND SUNSET
APRIL 22 2018.........SUNRISE   615 AM CDT   SUNSET   755 PM CDT
APRIL 23 2018.........SUNRISE   614 AM CDT   SUNSET   756 PM CDT


-  INDICATES NEGATIVE NUMBERS.
R  INDICATES RECORD WAS SET OR TIED.
MM INDICATES DATA IS MISSING.
T  INDICATES TRACE AMOUNT.




$$
