000
CDUS42 KJAX 272130
CLIJAX


CLIMATE REPORT
NATIONAL WEATHER SERVICE JACKSONVILLE FL
529 PM EDT SUN MAY 27 2018


...................................

...THE JACKSONVILLE CLIMATE SUMMARY FOR MAY 27 2018...
VALID TODAY AS OF 0500 PM LOCAL TIME.

CLIMATE NORMAL PERIOD 1981 TO 2010
CLIMATE RECORD PERIOD 1871 TO 2018


WEATHER ITEM   OBSERVED TIME   RECORD YEAR NORMAL DEPARTURE LAST
                VALUE   (LST)  VALUE       VALUE  FROM      YEAR
                                                  NORMAL
..................................................................
TEMPERATURE (F)
 TODAY
  MAXIMUM         77    337 PM  98    1989  88    -11       93
                                      1962
                                      1874
  MINIMUM         72    618 AM  49    1979  66      6       59
  AVERAGE         75                        77     -2       76

PRECIPITATION (IN)
  TODAY            1.37          5.40 1975   0.11   1.26     0.00
  MONTH TO DATE    3.67                      2.02   1.65     6.92
  SINCE MAR 1     11.04                      8.61   2.43     8.73
  SINCE JAN 1     16.41                     15.10   1.31    14.13

SNOWFALL (IN)
  TODAY            0.0           0.0  2002   0.0    0.0      0.0
                                      2001
  MONTH TO DATE    0.0                       0.0    0.0      0.0
  SINCE MAR 1      T                         T      0.0      0.0
  SINCE JUL 1      T                         T      0.0      0.0
  SNOW DEPTH       0

DEGREE DAYS
 HEATING
  TODAY            0                         0      0        0
  MONTH TO DATE    0                         3     -3        0
  SINCE MAR 1    237                       214     23      179
  SINCE JUL 1   1103                      1347   -244      782

 COOLING
  TODAY           10                        12     -2       11
  MONTH TO DATE  268                       239     29      261
  SINCE MAR 1    420                       406     14      516
  SINCE JAN 1    535                       435    100      588
..................................................................


WIND (MPH)
  HIGHEST WIND SPEED    22   HIGHEST WIND DIRECTION     E (70)
  HIGHEST GUST SPEED    27   HIGHEST GUST DIRECTION     E (110)
  AVERAGE WIND SPEED     9.7


SKY COVER
  POSSIBLE SUNSHINE  MM
  AVERAGE SKY COVER 1.0


WEATHER CONDITIONS
 THE FOLLOWING WEATHER WAS RECORDED TODAY.
  HEAVY RAIN
  RAIN
  LIGHT RAIN
  FOG


RELATIVE HUMIDITY (PERCENT)
 HIGHEST    94           800 AM
 LOWEST     82          1200 AM
 AVERAGE    88

..........................................................


THE JACKSONVILLE CLIMATE NORMALS FOR TOMORROW
                         NORMAL    RECORD    YEAR
 MAXIMUM TEMPERATURE (F)   88        99      1967
 MINIMUM TEMPERATURE (F)   66        52      1988


SUNRISE AND SUNSET
MAY 27 2018...........SUNRISE   627 AM EDT   SUNSET   822 PM EDT
MAY 28 2018...........SUNRISE   626 AM EDT   SUNSET   822 PM EDT


-  INDICATES NEGATIVE NUMBERS.
R  INDICATES RECORD WAS SET OR TIED.
MM INDICATES DATA IS MISSING.
T  INDICATES TRACE AMOUNT.




$$
