000
CDUS43 KBIS 260733
CLIJMS


CLIMATE REPORT
NATIONAL WEATHER SERVICE BISMARCK ND
233 AM CDT THU APR 26 2018


...................................

...THE JAMESTOWN ND CLIMATE SUMMARY FOR APRIL 25 2018...

CLIMATE NORMAL PERIOD 1981 TO 2010
CLIMATE RECORD PERIOD 1891 TO 2018


WEATHER ITEM   OBSERVED TIME   RECORD YEAR NORMAL DEPARTURE LAST
                VALUE   (LST)  VALUE       VALUE  FROM      YEAR
                                                  NORMAL
..................................................................
TEMPERATURE (F)
 YESTERDAY
  MAXIMUM         66    410 PM  83    1962  60      6       32
  MINIMUM         30    209 AM  17    1907  34     -4       29
  AVERAGE         48                        47      1       31

PRECIPITATION (IN)
  YESTERDAY        0.00          2.07 1935   0.05  -0.05     0.00
  MONTH TO DATE    0.04                      0.90  -0.86     1.40
  SINCE MAR 1      0.57                      1.74  -1.17     1.48
  SINCE JAN 1      0.70                      2.59  -1.89     1.90

DEGREE DAYS
 HEATING
  YESTERDAY       17                        18     -1       34
  MONTH TO DATE  863                       594    269      525
  SINCE MAR 1   2096                      1755    341     1680
  SINCE JUL 1   8807                      8514    293     7689

 COOLING
  YESTERDAY        0                         0      0        0
  MONTH TO DATE    0                         0      0        0
  SINCE MAR 1      0                         0      0        0
  SINCE JAN 1      0                         0      0        0
..................................................................


WIND (MPH)
  HIGHEST WIND SPEED    28   HIGHEST WIND DIRECTION    SW (210)
  HIGHEST GUST SPEED    37   HIGHEST GUST DIRECTION     S (200)
  AVERAGE WIND SPEED    14.3


SKY COVER
  POSSIBLE SUNSHINE  MM
  AVERAGE SKY COVER 0.0


WEATHER CONDITIONS
 THE FOLLOWING WEATHER WAS RECORDED YESTERDAY.
  NO SIGNIFICANT WEATHER WAS OBSERVED.


RELATIVE HUMIDITY (PERCENT)
 HIGHEST    85          1200 AM
 LOWEST     24           200 PM
 AVERAGE    55

..........................................................


THE JAMESTOWN ND CLIMATE NORMALS FOR TODAY
                         NORMAL    RECORD    YEAR
 MAXIMUM TEMPERATURE (F)   61        90      1952
 MINIMUM TEMPERATURE (F)   35        18      1933
                                             1931


SUNRISE AND SUNSET
APRIL 26 2018.........SUNRISE   627 AM CDT   SUNSET   838 PM CDT
APRIL 27 2018.........SUNRISE   626 AM CDT   SUNSET   840 PM CDT


-  INDICATES NEGATIVE NUMBERS.
R  INDICATES RECORD WAS SET OR TIED.
MM INDICATES DATA IS MISSING.
T  INDICATES TRACE AMOUNT.




$$
