000
CDUS41 KCTP 202131
CLIJST


CLIMATE REPORT
NATIONAL WEATHER SERVICE STATE COLLEGE PA
531 PM EDT FRI APR 20 2018


...................................

...THE JOHNSTOWN CLIMATE SUMMARY FOR APRIL 20 2018...
VALID TODAY AS OF 0500 PM LOCAL TIME.

CLIMATE NORMAL PERIOD 1981 TO 2010
CLIMATE RECORD PERIOD 1892 TO 2018


WEATHER ITEM   OBSERVED TIME   RECORD YEAR NORMAL DEPARTURE LAST
                VALUE   (LST)  VALUE       VALUE  FROM      YEAR
                                                  NORMAL
..................................................................
TEMPERATURE (F)
 TODAY
  MAXIMUM         47    359 PM  90    1976  59    -12       75
  MINIMUM         26    609 AM  23    1897  40    -14       55
  AVERAGE         37                        49    -12       65

PRECIPITATION (IN)
  TODAY            0.00          1.08 1901   0.11  -0.11     0.64
  MONTH TO DATE    2.99                      2.50   0.49     2.39
  SINCE MAR 1      6.17                      5.79   0.38     6.45
  SINCE JAN 1     16.12                     11.02   5.10    12.11

DEGREE DAYS
 HEATING
  TODAY           28                        16     12        0
  MONTH TO DATE  503                       395    108      238
  SINCE MAR 1   1566                      1308    258     1168
  SINCE JUL 1   6001                      6191   -190     5088

 COOLING
  TODAY            0                         0      0        0
  MONTH TO DATE   12                         0     12        0
  SINCE MAR 1     12                         0     12        0
  SINCE JAN 1     12                         0     12        0
..................................................................


WIND (MPH)
  HIGHEST WIND SPEED    26   HIGHEST WIND DIRECTION    NW (300)
  HIGHEST GUST SPEED    32   HIGHEST GUST DIRECTION    NW (300)
  AVERAGE WIND SPEED    16.3


SKY COVER
  POSSIBLE SUNSHINE  MM
  AVERAGE SKY COVER 0.0


WEATHER CONDITIONS
 THE FOLLOWING WEATHER WAS RECORDED TODAY.
  NO SIGNIFICANT WEATHER WAS OBSERVED.


RELATIVE HUMIDITY (PERCENT)
 HIGHEST    81           100 AM
 LOWEST     42           300 PM
 AVERAGE    62

..........................................................


THE JOHNSTOWN CLIMATE NORMALS FOR TOMORROW
                         NORMAL    RECORD    YEAR
 MAXIMUM TEMPERATURE (F)   59        90      1954
 MINIMUM TEMPERATURE (F)   40        24      1897


SUNRISE AND SUNSET
APRIL 20 2018.........SUNRISE   630 AM EDT   SUNSET   759 PM EDT
APRIL 21 2018.........SUNRISE   628 AM EDT   SUNSET   800 PM EDT


-  INDICATES NEGATIVE NUMBERS.
R  INDICATES RECORD WAS SET OR TIED.
MM INDICATES DATA IS MISSING.
T  INDICATES TRACE AMOUNT.




$$
