000
CDUS43 KIND 190536
CLILAF


CLIMATE REPORT
NATIONAL WEATHER SERVICE INDIANAPOLIS IN
136 AM EDT THU APR 19 2018


...................................

...THE LAFAYETTE IN CLIMATE SUMMARY FOR APRIL 18 2018...

CLIMATE NORMAL PERIOD 1981 TO 2010
CLIMATE RECORD PERIOD 9999 TO 9999


WEATHER ITEM   OBSERVED TIME   NORMAL DEPARTURE LAST
                VALUE   (LST)  VALUE  FROM      YEAR
                                      NORMAL
......................................................
TEMPERATURE (F)
 YESTERDAY
  MAXIMUM         49    521 PM  64    -15       76
  MINIMUM         30    614 AM  42    -12       42
  AVERAGE         40            53    -13       59

PRECIPITATION (IN)
  YESTERDAY        0.00          0.13  -0.13     0.00
  MONTH TO DATE    2.91          2.02   0.89     2.20
  SINCE MAR 1      5.96          4.69   1.27     5.87
  SINCE JAN 1     12.14          8.31   3.83    10.77

DEGREE DAYS
 HEATING
  YESTERDAY       25            13     12        6
  MONTH TO DATE  437           279    158      185
  SINCE MAR 1   1316          1030    286      909
  SINCE JUL 1   5742          5364    378     4597

 COOLING
  YESTERDAY        0             0      0        0
  MONTH TO DATE    2             0      2        3
  SINCE MAR 1      2             1      1        4
  SINCE JAN 1      2             1      1        4
......................................................


WIND (MPH)
  HIGHEST WIND SPEED    23   HIGHEST WIND DIRECTION     W (280)
  HIGHEST GUST SPEED    29   HIGHEST GUST DIRECTION     W (280)
  AVERAGE WIND SPEED    12.8


SKY COVER
  AVERAGE SKY COVER 0.8


WEATHER CONDITIONS
 THE FOLLOWING WEATHER WAS RECORDED YESTERDAY.
  NO SIGNIFICANT WEATHER WAS OBSERVED.


RELATIVE HUMIDITY (PERCENT)
 HIGHEST    89          1100 PM
 LOWEST     60          1000 AM
 AVERAGE    75

..........................................................


THE LAFAYETTE IN CLIMATE NORMALS FOR TODAY
                         NORMAL
 MAXIMUM TEMPERATURE (F)   64
 MINIMUM TEMPERATURE (F)   42


SUNRISE AND SUNSET
APRIL 19 2018.........SUNRISE   703 AM EDT   SUNSET   831 PM EDT
APRIL 20 2018.........SUNRISE   702 AM EDT   SUNSET   832 PM EDT


-  INDICATES NEGATIVE NUMBERS.
R  INDICATES RECORD WAS SET OR TIED.
MM INDICATES DATA IS MISSING.
T  INDICATES TRACE AMOUNT.




$$
