000
CDUS43 KLBF 262248
CLILBF


CLIMATE REPORT
NATIONAL WEATHER SERVICE NORTH PLATTE
547 PM CDT THU APR 26 2018


...................................

...THE NORTH PLATTE NE CLIMATE SUMMARY FOR APRIL 26 2018...
VALID TODAY AS OF 0500 PM LOCAL TIME.

CLIMATE NORMAL PERIOD 1981 TO 2010
CLIMATE RECORD PERIOD 1874 TO 2018


WEATHER ITEM   OBSERVED TIME   RECORD YEAR NORMAL DEPARTURE LAST
                VALUE   (LST)  VALUE       VALUE  FROM      YEAR
                                                  NORMAL
..................................................................
TEMPERATURE (F)
 TODAY
  MAXIMUM         65    414 PM  90    1981  66     -1       53
  MINIMUM         39    433 AM  23    2006  37      2       31
  AVERAGE         52                        51      1       42

PRECIPITATION (IN)
  TODAY            0.00          1.05 1951   0.09  -0.09      T
  MONTH TO DATE    1.46                      1.91  -0.45     0.97
  SINCE MAR 1      2.17                      2.96  -0.79     2.79
  SINCE JAN 1      4.07                      3.80   0.27     3.98

SNOWFALL (IN)
  TODAY            0.0           3.0  1958   0.1   -0.1       T
  MONTH TO DATE    9.5                       3.1    6.4       T
  SINCE MAR 1     12.6                       7.5    5.1       T
  SINCE JUL 1     49.1                      28.4   20.7     20.3
  SNOW DEPTH       0

DEGREE DAYS
 HEATING
  TODAY           13                        14     -1       23
  MONTH TO DATE  625                       472    153      329
  SINCE MAR 1   1408                      1309     99      980
  SINCE JUL 1   6434                      6337     97     5302

 COOLING
  TODAY            0                         0      0        0
  MONTH TO DATE    0                         0      0        2
  SINCE MAR 1      0                         0      0        2
  SINCE JAN 1      0                         0      0        2
..................................................................


WIND (MPH)
  HIGHEST WIND SPEED    35   HIGHEST WIND DIRECTION     N (10)
  HIGHEST GUST SPEED    47   HIGHEST GUST DIRECTION     N (20)
  AVERAGE WIND SPEED    15.5


SKY COVER
  POSSIBLE SUNSHINE  MM
  AVERAGE SKY COVER 0.1


WEATHER CONDITIONS
 THE FOLLOWING WEATHER WAS RECORDED TODAY.
  NO SIGNIFICANT WEATHER WAS OBSERVED.


RELATIVE HUMIDITY (PERCENT)
 HIGHEST    85           600 AM
 LOWEST     26           200 PM
 AVERAGE    56

..........................................................


THE NORTH PLATTE NE CLIMATE NORMALS FOR TOMORROW
                         NORMAL    RECORD    YEAR
 MAXIMUM TEMPERATURE (F)   66        86      1952
 MINIMUM TEMPERATURE (F)   37        24      2008


SUNRISE AND SUNSET
APRIL 26 2018.........SUNRISE   647 AM CDT   SUNSET   835 PM CDT
APRIL 27 2018.........SUNRISE   646 AM CDT   SUNSET   836 PM CDT


-  INDICATES NEGATIVE NUMBERS.
R  INDICATES RECORD WAS SET OR TIED.
MM INDICATES DATA IS MISSING.
T  INDICATES TRACE AMOUNT.




$$
