821
CDUS45 KPIH 250730
CLILLJ


CLIMATE REPORT
NATIONAL WEATHER SERVICE POCATELLO ID
130 AM MDT WED APR 25 2018


...................................

...THE CHALLIS ID CLIMATE SUMMARY FOR APRIL 24 2018...

CLIMATE NORMAL PERIOD 1981 TO 2010
CLIMATE RECORD PERIOD 1898 TO 2018


WEATHER ITEM   OBSERVED TIME   RECORD YEAR NORMAL DEPARTURE LAST
                VALUE   (LST)  VALUE       VALUE  FROM      YEAR
                                                  NORMAL
..................................................................
TEMPERATURE (F)
 YESTERDAY
  MAXIMUM         66    520 PM  85    1977  59      7       49
  MINIMUM         30    505 AM  15    1915  31     -1       37
  AVERAGE         48                        45      3       43

PRECIPITATION (IN)
  YESTERDAY        0.00          0.46 1930   0.03  -0.03     0.10
  MONTH TO DATE    0.40                      0.62  -0.22     0.43
  SINCE OCT 1      2.87                      4.39  -1.52     6.64
  SINCE JAN 1      1.73                      2.46  -0.73     3.23

SNOWFALL (IN)
  YESTERDAY       MM
  MONTH TO DATE   MM
  SINCE MAR 1     MM
  SINCE JUL 1     MM
  SNOW DEPTH      MM

DEGREE DAYS
 HEATING
  YESTERDAY       17                        20     -3       22
  MONTH TO DATE  479                       534    -55      547
  SINCE MAR 1   1392                      1430    -38     1297
  SINCE JUL 1   6666                      7479   -813     7742

 COOLING
  YESTERDAY        0                         0      0        0
  MONTH TO DATE    0                         0      0        0
  SINCE MAR 1      0                         0      0        0
  SINCE JAN 1      0                         0      0        0
..................................................................


WIND (MPH)
  HIGHEST WIND SPEED    10   HIGHEST WIND DIRECTION    NE (40)
  HIGHEST GUST SPEED    14   HIGHEST GUST DIRECTION     N (350)
  AVERAGE WIND SPEED     4.6


SKY COVER
  POSSIBLE SUNSHINE  MM
  AVERAGE SKY COVER 0.0


WEATHER CONDITIONS
 THE FOLLOWING WEATHER WAS RECORDED YESTERDAY.
  HAZE


RELATIVE HUMIDITY (PERCENT)
 HIGHEST    69           500 AM
 LOWEST     13           300 PM
 AVERAGE    41

..........................................................


THE CHALLIS ID CLIMATE NORMALS FOR TODAY
                         NORMAL    RECORD    YEAR
 MAXIMUM TEMPERATURE (F)   60        83      1977
 MINIMUM TEMPERATURE (F)   31        18      1921


SUNRISE AND SUNSET
APRIL 25 2018.........SUNRISE   636 AM MDT   SUNSET   834 PM MDT
APRIL 26 2018.........SUNRISE   635 AM MDT   SUNSET   835 PM MDT


-  INDICATES NEGATIVE NUMBERS.
R  INDICATES RECORD WAS SET OR TIED.
MM INDICATES DATA IS MISSING.
T  INDICATES TRACE AMOUNT.




$$
