000
CDUS45 KRIW 270738
CLILND


CLIMATE REPORT
NATIONAL WEATHER SERVICE RIVERTON WY
133 AM MDT SUN MAY 27 2018


...................................

...THE LANDER WY CLIMATE SUMMARY FOR MAY 26 2018...

CLIMATE NORMAL PERIOD 1981 TO 2010
CLIMATE RECORD PERIOD 1891 TO 2018


WEATHER ITEM   OBSERVED TIME   RECORD YEAR NORMAL DEPARTURE LAST
                VALUE   (LST)  VALUE       VALUE  FROM      YEAR
                                                  NORMAL
..................................................................
TEMPERATURE (F)
 YESTERDAY
  MAXIMUM         83    201 PM  86    2006  70     13       47
                                      2003
  MINIMUM         49    505 AM  26    1975  43      6       39
                                      1893
  AVERAGE         66                        56     10       43

PRECIPITATION (IN)
  YESTERDAY        0.00          1.91 2008   0.07  -0.07     0.35
  MONTH TO DATE    3.46                      1.89   1.57     2.19
  SINCE MAR 1      6.04                      4.92   1.12    10.10
  SINCE JAN 1      7.66                      5.91   1.75    12.48

SNOWFALL (IN)
  YESTERDAY        0.0                       0.0    0.0      0.0
  MONTH TO DATE    T                         4.7   -4.7      6.8
  SINCE MAR 1     11.2                      37.6  -26.4     29.9
  SINCE JUL 1     58.4                      91.2  -32.8     90.9
  SNOW DEPTH       0

DEGREE DAYS
 HEATING
  YESTERDAY        0                         9     -9       22
  MONTH TO DATE  264                       327    -63      342
  SINCE MAR 1   1771                      1877   -106     1724
  SINCE JUL 1   7221                      7581   -360     7427

 COOLING
  YESTERDAY        1                         0      1        0
  MONTH TO DATE    1                         0      1        0
  SINCE MAR 1      1                         0      1        0
  SINCE JAN 1      1                         0      1        0
..................................................................


WIND (MPH)
  HIGHEST WIND SPEED    38   HIGHEST WIND DIRECTION     S (170)
  HIGHEST GUST SPEED    46   HIGHEST GUST DIRECTION     S (170)
  AVERAGE WIND SPEED     8.9


SKY COVER
  POSSIBLE SUNSHINE  MM
  AVERAGE SKY COVER 0.0


WEATHER CONDITIONS
 THE FOLLOWING WEATHER WAS RECORDED YESTERDAY.
  NO SIGNIFICANT WEATHER WAS OBSERVED.


RELATIVE HUMIDITY (PERCENT)
 HIGHEST    72           700 AM
 LOWEST     16           400 PM
 AVERAGE    44

..........................................................


THE LANDER WY CLIMATE NORMALS FOR TODAY
                         NORMAL    RECORD    YEAR
 MAXIMUM TEMPERATURE (F)   70        90      1969
 MINIMUM TEMPERATURE (F)   43        27      1893


SUNRISE AND SUNSET
MAY 27 2018...........SUNRISE   542 AM MDT   SUNSET   843 PM MDT
MAY 28 2018...........SUNRISE   541 AM MDT   SUNSET   844 PM MDT


-  INDICATES NEGATIVE NUMBERS.
R  INDICATES RECORD WAS SET OR TIED.
MM INDICATES DATA IS MISSING.
T  INDICATES TRACE AMOUNT.




$$
