202
CDUS44 KCRP 241145 CCA
CLILRD

CLIMATE REPORT...CORRECTION
NATIONAL WEATHER SERVICE CORPUS CHRISTI TX
643 AM CDT THU MAY 24 2018

...THE LAREDO CLIMATE SUMMARY FOR MAY 23 2018...

CLIMATE NORMAL PERIOD 1981 TO 2010
CLIMATE RECORD PERIOD 1900 TO 2018


WEATHER ITEM   OBSERVED TIME   RECORD YEAR NORMAL DEPARTURE LAST
                VALUE   (LST)  VALUE       VALUE  FROM      YEAR
                                                  NORMAL
..................................................................
TEMPERATURE (F)
 YESTERDAY
  MAXIMUM         98        MM 107    2011  95      3       88
                                      1989
  MINIMUM         74        MM  49    1928  73      1       69
  AVERAGE         86                        84      2       79

PRECIPITATION (IN)
  YESTERDAY        0.00          2.23 2014   0.08  -0.08      T
  MONTH TO DATE    0.09                      1.83  -1.74     4.08
  SINCE MAR 1      2.26                      4.37  -2.11     7.90
  SINCE JAN 1      2.55                      6.21  -3.66     8.87

SNOWFALL (IN)
  YESTERDAY        0.0
  MONTH TO DATE    0.0
  SINCE MAR 1      0.0
  SINCE JUL 1      1.3

DEGREE DAYS
 HEATING
  YESTERDAY        0                         0      0        0
  MONTH TO DATE    0                         0      0        0
  SINCE MAR 1      9                        82    -73       16
  SINCE JUL 1    845                       926    -81      396

 COOLING
  YESTERDAY       21                        19      2       14
  MONTH TO DATE  447                       385     62      395
  SINCE MAR 1   1027                       900    127     1063
  SINCE JAN 1   1161                       985    176     1369
..................................................................


WIND (MPH)
  HIGHEST WIND SPEED    MM   HIGHEST WIND DIRECTION    MM
  HIGHEST GUST SPEED    MM   HIGHEST GUST DIRECTION    MM
  AVERAGE WIND SPEED    MM


SKY COVER
  POSSIBLE SUNSHINE  MM
  AVERAGE SKY COVER 0.5


WEATHER CONDITIONS
 THE FOLLOWING WEATHER WAS RECORDED YESTERDAY.
  NO SIGNIFICANT WEATHER WAS OBSERVED.


RELATIVE HUMIDITY (PERCENT)
 HIGHEST    93           500 AM
 LOWEST     33           200 PM

..........................................................


THE LAREDO CLIMATE NORMALS FOR TODAY
                         NORMAL    RECORD    YEAR
 MAXIMUM TEMPERATURE (F)   95       108      2011
                                             1989
 MINIMUM TEMPERATURE (F)   73        59      1940


SUNRISE AND SUNSET
MAY 24 2018...........SUNRISE   645 AM CDT   SUNSET   825 PM CDT
MAY 25 2018...........SUNRISE   645 AM CDT   SUNSET   825 PM CDT


-  INDICATES NEGATIVE NUMBERS.
R  INDICATES RECORD WAS SET OR TIED.
MM INDICATES DATA IS MISSING.
T  INDICATES TRACE AMOUNT.

$$

ANM
