000
CDUS46 KOTX 260820
CLILWS


CLIMATE REPORT
NATIONAL WEATHER SERVICE SPOKANE, WA
119 AM PDT THU APR 26 2018


...................................

...THE LEWISTON ID AIRPORT CLIMATE SUMMARY FOR APRIL 25 2018...

CLIMATE NORMAL PERIOD 1981 TO 2010
CLIMATE RECORD PERIOD 1881 TO 2018


WEATHER ITEM   OBSERVED TIME   RECORD YEAR NORMAL DEPARTURE LAST
                VALUE   (LST)  VALUE       VALUE  FROM      YEAR
                                                  NORMAL
..................................................................
TEMPERATURE (F)
 YESTERDAY
  MAXIMUM         78    339 PM  92    1910  65     13       57
  MINIMUM         48    530 AM  30    1924  42      6       47
  AVERAGE         63                        53     10       52

PRECIPITATION (IN)
  YESTERDAY        0.00          0.52 1993   0.05  -0.05     0.06
  MONTH TO DATE    1.46                      1.09   0.37     1.44
  SINCE OCT 1     10.46                      7.21   3.25    12.60
  SINCE JAN 1      4.90                      4.10   0.80     7.72

SNOWFALL (IN)
  YESTERDAY        0.0           T    1970   0.0    0.0      0.0
  MONTH TO DATE    T                         0.0    0.0      0.0
  SINCE MAR 1      T                         0.7   -0.7      4.8
  SINCE JUL 1     14.1                      10.5    3.6     39.2
  SNOW DEPTH       0

DEGREE DAYS
 HEATING
  YESTERDAY        2                        12    -10       13
  MONTH TO DATE  340                       357    -17      336
  SINCE MAR 1    936                       969    -33      931
  SINCE JUL 1   4647                      4824   -177     4967

 COOLING
  YESTERDAY        0                         0      0        0
  MONTH TO DATE    0                         0      0        0
  SINCE MAR 1      0                         0      0        0
  SINCE JAN 1      0                         0      0        0
..................................................................


WIND (MPH)
  HIGHEST WIND SPEED    16   HIGHEST WIND DIRECTION    NW (320)
  HIGHEST GUST SPEED    22   HIGHEST GUST DIRECTION    NW (320)
  AVERAGE WIND SPEED     5.2


SKY COVER
  POSSIBLE SUNSHINE  MM
  AVERAGE SKY COVER 0.0


WEATHER CONDITIONS
 THE FOLLOWING WEATHER WAS RECORDED YESTERDAY.
  NO SIGNIFICANT WEATHER WAS OBSERVED.


RELATIVE HUMIDITY (PERCENT)
 HIGHEST    63           600 AM
 LOWEST     22           400 PM
 AVERAGE    43

..........................................................


THE LEWISTON ID AIRPORT CLIMATE NORMALS FOR TODAY
                         NORMAL    RECORD    YEAR
 MAXIMUM TEMPERATURE (F)   65        86      1926
                                             1904
 MINIMUM TEMPERATURE (F)   42        30      1950
                                             1924


SUNRISE AND SUNSET
APRIL 26 2018.........SUNRISE   542 AM PDT   SUNSET   751 PM PDT
APRIL 27 2018.........SUNRISE   540 AM PDT   SUNSET   752 PM PDT


-  INDICATES NEGATIVE NUMBERS.
R  INDICATES RECORD WAS SET OR TIED.
MM INDICATES DATA IS MISSING.
T  INDICATES TRACE AMOUNT.




$$
