000
CDUS45 KTFX 202240
CLILWT


CLIMATE REPORT
NATIONAL WEATHER SERVICE GREAT FALLS MT
440 PM MDT SUN MAY 20 2018


...................................

...THE LEWISTOWN MT CLIMATE SUMMARY FOR MAY 20 2018...
VALID TODAY AS OF 0400 PM LOCAL TIME.

CLIMATE NORMAL PERIOD 1981 TO 2010
CLIMATE RECORD PERIOD 1896 TO 2018


WEATHER ITEM   OBSERVED TIME   RECORD YEAR NORMAL DEPARTURE LAST
                VALUE   (LST)  VALUE       VALUE  FROM      YEAR
                                                  NORMAL
..................................................................
TEMPERATURE (F)
 TODAY
  MAXIMUM         73    257 PM  88    1925  64      9       63
  MINIMUM         36    331 AM  23    1931  39     -3       34
  AVERAGE         55                        51      4       49

PRECIPITATION (IN)
  TODAY            0.00          2.81 1962   0.10  -0.10     0.29
  MONTH TO DATE    2.83                      1.65   1.18     1.53
  SINCE OCT 1      9.30                      7.56   1.74    10.05
  SINCE JAN 1      7.30                      5.06   2.24     5.65

DEGREE DAYS
 HEATING
  TODAY           10                        14     -4       16
  MONTH TO DATE  251                       332    -81      288
  SINCE MAR 1   2158                      2035    123     1849
  SINCE JUL 1   8284                      7839    445     7660

 COOLING
  TODAY            0                         0      0        0
  MONTH TO DATE    0                         0      0        0
  SINCE MAR 1      0                         0      0        0
  SINCE JAN 1      0                         0      0        0
..................................................................


WIND (MPH)
  HIGHEST WIND SPEED    10   HIGHEST WIND DIRECTION     E (110)
  HIGHEST GUST SPEED    14   HIGHEST GUST DIRECTION     E (70)
  AVERAGE WIND SPEED     3.8


SKY COVER
  AVERAGE SKY COVER 0.0


WEATHER CONDITIONS
 THE FOLLOWING WEATHER WAS RECORDED TODAY.
  NO SIGNIFICANT WEATHER WAS OBSERVED.


RELATIVE HUMIDITY (PERCENT)
 HIGHEST   100
 LOWEST     33
 AVERAGE    67

..........................................................


THE LEWISTOWN MT CLIMATE NORMALS FOR TOMORROW
                         NORMAL    RECORD    YEAR
 MAXIMUM TEMPERATURE (F)   64        89      1928
 MINIMUM TEMPERATURE (F)   39        24      1931


SUNRISE AND SUNSET
MAY 20 2018...........SUNRISE   537 AM MDT   SUNSET   853 PM MDT
MAY 21 2018...........SUNRISE   536 AM MDT   SUNSET   854 PM MDT


-  INDICATES NEGATIVE NUMBERS.
R  INDICATES RECORD WAS SET OR TIED.
MM INDICATES DATA IS MISSING.
T  INDICATES TRACE AMOUNT.




$$
