000
CDUS46 KHNX 240023
CLIMCE


CLIMATE REPORT
NATIONAL WEATHER SERVICE SAN JOAQUIN VALLEY, CA
523 PM PDT MON APR 23 2018


...................................

...THE MERCED  CA CLIMATE SUMMARY FOR APRIL 23 2018...
VALID AS OF 0400 PM LOCAL TIME.

CLIMATE NORMAL PERIOD 1981 TO 2010
CLIMATE RECORD PERIOD 1998 TO 2018


WEATHER ITEM   OBSERVED TIME   RECORD YEAR NORMAL DEPARTURE LAST
                VALUE   (LST)  VALUE       VALUE  FROM      YEAR
                                                  NORMAL
..................................................................
TEMPERATURE (F)
 TODAY
  MAXIMUM         87    343 PM  88    2002  76     11       74
  MINIMUM         51    512 AM  40    2000  46      5       50
  AVERAGE         69                        61      8       62

PRECIPITATION (IN)
  TODAY            0.00          0.01 2008   0.02  -0.02     0.00
  MONTH TO DATE    1.25                      0.75   0.50     1.15
  SINCE OCT 1      6.91                     11.28  -4.37    15.79
  SINCE JAN 1      5.80                      7.77  -1.97    11.56

SNOWFALL (IN)
  TODAY            0.0
  MONTH TO DATE    0.0
  SINCE MAR 1      0.0
  SINCE JUL 1      0.0
  SNOW DEPTH       0

DEGREE DAYS
 HEATING
  TODAY            0                                         3
  MONTH TO DATE  130                                       153
  SINCE MAR 1    475                                       443
  SINCE JUL 1   2265                                      2313

 COOLING
  TODAY            4                                         0
  MONTH TO DATE    8                                         0
  SINCE MAR 1      8                                         0
  SINCE JAN 1      8                                         0
..................................................................


WIND (MPH)
  HIGHEST WIND SPEED    13   HIGHEST WIND DIRECTION    NW (320)
  HIGHEST GUST SPEED    17   HIGHEST GUST DIRECTION     N (340)
  AVERAGE WIND SPEED     3.4




RELATIVE HUMIDITY (PERCENT)
 HIGHEST   100
 LOWEST     30
 AVERAGE    65

..........................................................


THE MERCED  CA CLIMATE NORMALS FOR TOMORROW
                         NORMAL    RECORD    YEAR
 MAXIMUM TEMPERATURE (F)   76        87      2013
 MINIMUM TEMPERATURE (F)   47        39      2008


SUNRISE AND SUNSET
APRIL 23 2018.........SUNRISE   617 AM PDT   SUNSET   745 PM PDT
APRIL 24 2018.........SUNRISE   616 AM PDT   SUNSET   746 PM PDT


-  INDICATES NEGATIVE NUMBERS.
R  INDICATES RECORD WAS SET OR TIED.
MM INDICATES DATA IS MISSING.
T  INDICATES TRACE AMOUNT.




$$
