000
CDAK49 PAFG 230942
CLIMCG

CLIMATE REPORT
NATIONAL WEATHER SERVICE FAIRBANKS AK
142 AM AKDT WED MAY 23 2018


...................................

...THE MCGRATH AK CLIMATE SUMMARY FOR MAY 22 2018...

CLIMATE NORMAL PERIOD 1981 TO 2010
CLIMATE RECORD PERIOD 1946 TO 2018


WEATHER ITEM   OBSERVED TIME   RECORD YEAR NORMAL DEPARTURE LAST
                VALUE   (LST)  VALUE       VALUE  FROM      YEAR
                                                  NORMAL
..................................................................
TEMPERATURE (F)
 YESTERDAY
  MAXIMUM         61    537 PM  78    2002  60      1       58
  MINIMUM         37    442 AM  28    1950  38     -1       46
  AVERAGE         49                        49      0       52

PRECIPITATION (IN)
  YESTERDAY        0.18          0.95 1960   0.04   0.14     0.08
  MONTH TO DATE    0.39                      0.73  -0.34     0.22
  SINCE MAR 1      2.99                      2.28   0.71     0.60
  SINCE JAN 1      4.67                      4.31   0.36     1.80

SNOWFALL (IN)
  YESTERDAY        0.0           0.3  1964   0.0    0.0      0.0
  MONTH TO DATE    T                         0.8   -0.8      0.0
  SINCE MAR 1     21.0                      17.2    3.8      2.6
  SINCE JUL 1     83.5                      97.2  -13.7     51.3
  SNOW DEPTH       0

DEGREE DAYS
 HEATING
  YESTERDAY       16                        16      0       13
  MONTH TO DATE  439                       441     -2      331
  SINCE MAR 1   2834                      3155   -321     3104
  SINCE JUL 1  11336                     13387  -2051    12862

 COOLING
  YESTERDAY        0                         0      0        0
  MONTH TO DATE    0                         0      0        0
  SINCE MAR 1      0                         0      0        0
  SINCE JAN 1      0                         0      0        0
..................................................................


WIND (MPH)
  HIGHEST GUST SPEED    19   HIGHEST GUST DIRECTION     W (280)


SKY COVER
  AVERAGE SKY COVER 0.7


WEATHER CONDITIONS
 THE FOLLOWING WEATHER WAS RECORDED YESTERDAY.
  LIGHT RAIN
  FOG


RELATIVE HUMIDITY (PERCENT)
 HIGHEST   100
 LOWEST     53
 AVERAGE    77

..........................................................


THE MCGRATH AK CLIMATE NORMALS FOR TODAY
                         NORMAL    RECORD    YEAR
 MAXIMUM TEMPERATURE (F)   60        71      2009
                                             1974
                                             1942
 MINIMUM TEMPERATURE (F)   39        25      1964


SUNRISE AND SUNSET
MAY 23 2018...........SUNRISE   458 AM AKDT  SUNSET  1144 PM AKDT
MAY 24 2018...........SUNRISE   455 AM AKDT  SUNSET  1147 PM AKDT

-  INDICATES NEGATIVE NUMBERS.
R  INDICATES RECORD WAS SET OR TIED.
MM INDICATES DATA IS MISSING.
T  INDICATES TRACE AMOUNT.

&&

SNOW DEPTH IS MEASURED AT 3AM AKST/4AM AKDT.

----------------------------
AVAILABLE DAYLIGHT

AMOUNT OF DAYLIGHT TODAY  (HOUR:MIN)........18:46
GAIN/LOSS SINCE YESTERDAY (HOUR:MIN:SEC)....+0:05:22

$$
THR MAY 18
