000
CDUS42 KFFC 262045
CLIMCN


CLIMATE REPORT
NATIONAL WEATHER SERVICE PEACHTREE CITY GA
445 PM EDT THU APR 26 2018


...................................

...THE MACON CLIMATE SUMMARY FOR APRIL 26 2018...
VALID TODAY AS OF 0400 PM LOCAL TIME.

CLIMATE NORMAL PERIOD 1981 TO 2010
CLIMATE RECORD PERIOD 1899 TO 2018


WEATHER ITEM   OBSERVED TIME   RECORD YEAR NORMAL DEPARTURE LAST
                VALUE   (LST)  VALUE       VALUE  FROM      YEAR
                                                  NORMAL
..................................................................
TEMPERATURE (F)
 TODAY
  MAXIMUM         73    138 PM  93    1986  79     -6       83
  MINIMUM         49    530 AM  36    1910  53     -4       54
  AVERAGE         61                        66     -5       69

PRECIPITATION (IN)
  TODAY            0.03          3.04 1908   0.08  -0.05     0.00
  MONTH TO DATE    4.37                      2.63   1.74     2.19
  SINCE MAR 1      7.02                      7.18  -0.16     3.64
  SINCE JAN 1     12.65                     15.78  -3.13    16.84

SNOWFALL (IN)
  TODAY           MM             0.0  2002   0.0   MM        0.0
                                      2001
                                      2000
  MONTH TO DATE    0.0                       0.0    0.0      0.0
  SINCE MAR 1      0.0                       0.2   -0.2      0.0
  SINCE JUL 1      1.0                       0.7    0.3      0.0
  SNOW DEPTH       0

DEGREE DAYS
 HEATING
  TODAY            4                         2      2        0
  MONTH TO DATE  119                       104     15       41
  SINCE MAR 1    415                       376     39      278
  SINCE JUL 1   2066                      2301   -235     1465

 COOLING
  TODAY            0                         3     -3        4
  MONTH TO DATE   24                        49    -25      100
  SINCE MAR 1     44                        67    -23      153
  SINCE JAN 1     95                        70     25      164
..................................................................


WIND (MPH)
  RESULTANT WIND SPEED   1   RESULTANT WIND DIRECTION   W (250)
  HIGHEST WIND SPEED    12   HIGHEST WIND DIRECTION    NE (50)
  HIGHEST GUST SPEED    16   HIGHEST GUST DIRECTION    SW (240)
  AVERAGE WIND SPEED     3.8


SKY COVER
  AVERAGE SKY COVER 0.1


WEATHER CONDITIONS
 THE FOLLOWING WEATHER WAS RECORDED TODAY.
  FOG


RELATIVE HUMIDITY (PERCENT)
 HIGHEST   100           400 AM
 LOWEST     49           100 PM
 AVERAGE    75

..........................................................


THE MACON CLIMATE NORMALS FOR TOMORROW
                         NORMAL    RECORD    YEAR
 MAXIMUM TEMPERATURE (F)   80        96      1986
 MINIMUM TEMPERATURE (F)   53        37      1972


SUNRISE AND SUNSET
APRIL 26 2018.........SUNRISE   653 AM EDT   SUNSET   813 PM EDT
APRIL 27 2018.........SUNRISE   652 AM EDT   SUNSET   813 PM EDT


-  INDICATES NEGATIVE NUMBERS.
R  INDICATES RECORD WAS SET OR TIED.
MM INDICATES DATA IS MISSING.
T  INDICATES TRACE AMOUNT.




$$
