000
CDUS43 KLOT 250639
CLIMDW


CLIMATE REPORT
NATIONAL WEATHER SERVICE CHICAGO IL
137 AM CDT FRI MAY 25 2018


...................................

...THE CHICAGO-MIDWAY CLIMATE SUMMARY FOR MAY 24 2018...

CLIMATE NORMAL PERIOD 1981 TO 2010
CLIMATE RECORD PERIOD 1928 TO 2018


WEATHER ITEM   OBSERVED TIME   RECORD YEAR NORMAL DEPARTURE LAST
                VALUE   (LST)  VALUE       VALUE  FROM      YEAR
                                                  NORMAL
..................................................................
TEMPERATURE (F)
 YESTERDAY
  MAXIMUM         87    342 PM  93    1950  73     14       61
  MINIMUM         59    444 AM  36    1935  54      5       52
  AVERAGE         73                        63     10       57

PRECIPITATION (IN)
  YESTERDAY        0.00          1.31 1955   0.14  -0.14     0.35
  MONTH TO DATE    3.84                      3.14   0.70     3.50
  SINCE MAR 1      6.62                      9.50  -2.88    13.94
  SINCE JAN 1     11.91                     13.50  -1.59    19.05

DEGREE DAYS
 HEATING
  YESTERDAY        0                         4     -4        8
  MONTH TO DATE   78                       164    -86      211
  SINCE MAR 1   1592                      1424    168     1311
  SINCE JUL 1   5883                      5935    -52     4957

 COOLING
  YESTERDAY        8                         3      5        0
  MONTH TO DATE   53                        39     14       27
  SINCE MAR 1     53                        52      1       46
  SINCE JAN 1     53                        52      1       46
..................................................................


WIND (MPH)
  RESULTANT WIND SPEED   5   RESULTANT WIND DIRECTION  SE (140)
  HIGHEST WIND SPEED    17   HIGHEST WIND DIRECTION     E (110)
  HIGHEST GUST SPEED    20   HIGHEST GUST DIRECTION     E (100)
  AVERAGE WIND SPEED     6.3



WEATHER CONDITIONS
 THE FOLLOWING WEATHER WAS RECORDED YESTERDAY.
  NO SIGNIFICANT WEATHER WAS OBSERVED.


..........................................................


THE CHICAGO-MIDWAY CLIMATE NORMALS FOR TODAY
                         NORMAL    RECORD    YEAR
 MAXIMUM TEMPERATURE (F)   73        90      2016
                                             1950
                                             1939
 MINIMUM TEMPERATURE (F)   54        35      1934


SUNRISE AND SUNSET
MAY 25 2018...........SUNRISE   523 AM CDT   SUNSET   814 PM CDT
MAY 26 2018...........SUNRISE   522 AM CDT   SUNSET   815 PM CDT


-  INDICATES NEGATIVE NUMBERS.
R  INDICATES RECORD WAS SET OR TIED.
MM INDICATES DATA IS MISSING.
T  INDICATES TRACE AMOUNT.




$$
