000
CDUS41 KCLE 212114
CLIMFD


CLIMATE REPORT
NATIONAL WEATHER SERVICE CLEVELAND OH
514 PM EDT MON MAY 21 2018


...................................

...THE MANSFIELD OH CLIMATE SUMMARY FOR MAY 21 2018...
VALID TODAY AS OF 0500 PM LOCAL TIME.

CLIMATE NORMAL PERIOD 1981 TO 2010
CLIMATE RECORD PERIOD 1916 TO 2018


WEATHER ITEM   OBSERVED TIME   RECORD YEAR NORMAL DEPARTURE LAST
                VALUE   (LST)  VALUE       VALUE  FROM      YEAR
                                                  NORMAL
..................................................................
TEMPERATURE (F)
 TODAY
  MAXIMUM         78    359 PM  89    1941  71      7       73
                                      1934
  MINIMUM         52    518 AM  31    1958  50      2       62
  AVERAGE         65                        60      5       68

PRECIPITATION (IN)
  TODAY            0.00                      0.15  -0.15     0.32
  MONTH TO DATE    1.86                      2.93  -1.07     4.41
  SINCE MAR 1      9.71                     10.46  -0.75    12.17
  SINCE JAN 1     16.86                     15.72   1.14    20.03

SNOWFALL (IN)
  TODAY            0.0                       0.0    0.0      0.0
  MONTH TO DATE    0.0                       0.0    0.0      0.0
  SINCE MAR 1     16.3                      10.4    5.9     15.0
  SINCE JUL 1     46.3                      48.3   -2.0     36.6
  SNOW DEPTH       0

DEGREE DAYS
 HEATING
  TODAY            0                         6     -6        0
  MONTH TO DATE   40                       181   -141      201
  SINCE MAR 1   1638                      1541     97     1306
  SINCE JUL 1   5958                      6166   -208     4976

 COOLING
  TODAY            0                         1     -1        3
  MONTH TO DATE   31                        16     15       29
  SINCE MAR 1     36                        24     12       47
  SINCE JAN 1     37                        24     13       47
..................................................................


WIND (MPH)
  HIGHEST WIND SPEED    14   HIGHEST WIND DIRECTION     E (100)
  HIGHEST GUST SPEED    18   HIGHEST GUST DIRECTION     E (110)


SKY COVER
  POSSIBLE SUNSHINE  MM
  AVERAGE SKY COVER 0.1


WEATHER CONDITIONS
 THE FOLLOWING WEATHER WAS RECORDED TODAY.
  FOG


RELATIVE HUMIDITY (PERCENT)
 HIGHEST   100           400 AM
 LOWEST     54           400 PM
 AVERAGE    77

..........................................................


THE MANSFIELD OH CLIMATE NORMALS FOR TOMORROW
                         NORMAL    RECORD    YEAR
 MAXIMUM TEMPERATURE (F)   71        90      1941
 MINIMUM TEMPERATURE (F)   50        31      2002


SUNRISE AND SUNSET
MAY 21 2018...........SUNRISE   608 AM EDT   SUNSET   846 PM EDT
MAY 22 2018...........SUNRISE   607 AM EDT   SUNSET   847 PM EDT


-  INDICATES NEGATIVE NUMBERS.
R  INDICATES RECORD WAS SET OR TIED.
MM INDICATES DATA IS MISSING.
T  INDICATES TRACE AMOUNT.




$$
