000
CDUS44 KBMX 232147
CLIMGM


CLIMATE REPORT
NATIONAL WEATHER SERVICE BIRMINGHAM, AL
446 PM CDT MON APR 23 2018


...................................

...THE MONTGOMERY CLIMATE SUMMARY FOR APRIL 23 2018...
VALID TODAY AS OF 0400 PM LOCAL TIME.

CLIMATE NORMAL PERIOD 1981 TO 2010
CLIMATE RECORD PERIOD 1872 TO 2018


WEATHER ITEM   OBSERVED TIME   RECORD YEAR NORMAL DEPARTURE LAST
                VALUE   (LST)  VALUE       VALUE  FROM      YEAR
                                                  NORMAL
..................................................................
TEMPERATURE (F)
 TODAY
  MAXIMUM         77    120 PM  90    1896  78     -1       70
  MINIMUM         56    505 AM  36    1993  54      2       56
  AVERAGE         67                        66      1       63

PRECIPITATION (IN)
  TODAY            0.00          1.56 1909   0.11  -0.11     0.05
  MONTH TO DATE    3.35                      3.25   0.10     1.50
  SINCE MAR 1      6.53                      9.20  -2.67     5.22
  SINCE JAN 1     15.52                     19.13  -3.61    19.92

SNOWFALL (IN)
  TODAY            0.0                       0.0    0.0      0.0
  MONTH TO DATE    0.0                       0.0    0.0      0.0
  SINCE MAR 1      0.0                       0.3   -0.3      0.0
  SINCE JUL 1      T                         0.4   -0.4      0.0
  SNOW DEPTH       0

DEGREE DAYS

 COOLING
  TODAY            2                         3     -1        0
  MONTH TO DATE   27                        47    -20      124
  SINCE MAR 1     64                        70     -6      205
  SINCE JAN 1    129                        76     53      251
..................................................................


WIND (MPH)
  HIGHEST WIND SPEED    17   HIGHEST WIND DIRECTION     W (250)
  HIGHEST GUST SPEED    24   HIGHEST GUST DIRECTION     W (250)
  AVERAGE WIND SPEED     4.6


SKY COVER
  AVERAGE SKY COVER 0.8


WEATHER CONDITIONS
 THE FOLLOWING WEATHER WAS RECORDED TODAY.
  FOG
  FOG W/VISIBILITY <= 1/4 MILE


RELATIVE HUMIDITY (PERCENT)
 HIGHEST   100           100 AM
 LOWEST     54           300 PM
 AVERAGE    77

..........................................................


THE MONTGOMERY CLIMATE NORMALS FOR TOMORROW
                         NORMAL    RECORD    YEAR
 MAXIMUM TEMPERATURE (F)   79        91      1925
 MINIMUM TEMPERATURE (F)   54        36      1986


SUNRISE AND SUNSET
APRIL 23 2018.........SUNRISE   607 AM CDT   SUNSET   721 PM CDT
APRIL 24 2018.........SUNRISE   606 AM CDT   SUNSET   722 PM CDT


-  INDICATES NEGATIVE NUMBERS.
R  INDICATES RECORD WAS SET OR TIED.
MM INDICATES DATA IS MISSING.
T  INDICATES TRACE AMOUNT.




$$
