000
CDUS41 KPBZ 191232
CLIMGW


CLIMATE REPORT
NATIONAL WEATHER SERVICE PITTSBURGH PA
832 AM EDT THU APR 19 2018


...................................

...THE MORGANTOWN WV CLIMATE SUMMARY FOR APRIL 19 2018...
VALID AS OF 0800 AM LOCAL TIME.

CLIMATE NORMAL PERIOD 1981 TO 2010
CLIMATE RECORD PERIOD 1872 TO 2018


WEATHER ITEM   OBSERVED TIME   RECORD YEAR NORMAL DEPARTURE LAST
                VALUE   (LST)  VALUE       VALUE  FROM      YEAR
                                                  NORMAL
..................................................................
TEMPERATURE (F)
 TODAY
  MAXIMUM         46    646 AM  88    2002
                                      1941
  MINIMUM         43    238 AM  23    1983  43      0       59

PRECIPITATION (IN)
  TODAY            0.30          1.06 2011   0.12   0.18      T
  MONTH TO DATE    5.02                      2.22   2.80     3.01
  SINCE JUN 1     43.57                     35.92   7.65    44.60
  SINCE JAN 1     17.24                     11.28   5.96    15.19

DEGREE DAYS
 HEATING
  TODAY           20

 COOLING
  TODAY            0
..................................................................





WEATHER CONDITIONS
 THE FOLLOWING WEATHER WAS RECORDED TODAY.
  RAIN
  LIGHT RAIN
  FOG


RELATIVE HUMIDITY (PERCENT)
 HIGHEST   100           100 AM

..........................................................


THE MORGANTOWN WV CLIMATE NORMALS FOR TOMORROW
                         NORMAL    RECORD    YEAR
 MAXIMUM TEMPERATURE (F)   66        90      1976
 MINIMUM TEMPERATURE (F)   43        21      1926


SUNRISE AND SUNSET
APRIL 19 2018.........SUNRISE   636 AM EDT   SUNSET   802 PM EDT
APRIL 20 2018.........SUNRISE   635 AM EDT   SUNSET   803 PM EDT


-  INDICATES NEGATIVE NUMBERS.
R  INDICATES RECORD WAS SET OR TIED.
MM INDICATES DATA IS MISSING.
T  INDICATES TRACE AMOUNT.




$$
