000
CDUS46 KMFR 220850
CLIMHS


CLIMATE REPORT
NATIONAL WEATHER SERVICE MEDFORD, OR
150 AM PDT TUE MAY 22 2018


...................................

...THE MT SHASTA CITY CA CLIMATE SUMMARY FOR MAY 21 2018...

CLIMATE NORMAL PERIOD 1981 TO 2010
CLIMATE RECORD PERIOD 1908 TO 2018


WEATHER ITEM   OBSERVED TIME   RECORD YEAR NORMAL DEPARTURE LAST
                VALUE   (LST)  VALUE       VALUE  FROM      YEAR
                                                  NORMAL
..................................................................
TEMPERATURE (F)
 YESTERDAY
  MAXIMUM         74    311 PM  89    1919  71      3       84
  MINIMUM         44    452 AM  25    1909  41      3       42
  AVERAGE         59                        56      3       63

PRECIPITATION (IN)
  YESTERDAY        0.00          0.97 2006   0.07  -0.07     0.00
  MONTH TO DATE    1.33                      1.51  -0.18     0.17
  SINCE OCT 1     19.63                     39.90 -20.27    58.11
  SINCE JAN 1     13.80                     24.69 -10.89    36.95

SNOWFALL (IN)
  YESTERDAY        0.0                       0.0    0.0     MM
  MONTH TO DATE    0.0                       0.3   -0.3     MM
  SINCE JUL 1      0.0                      91.8  -91.8     MM
  SNOW DEPTH       0

DEGREE DAYS
 HEATING
  YESTERDAY        6                        10     -4        2
  MONTH TO DATE  148                       251   -103      213
  SINCE MAR 1   1423                      1491    -68     1393
  SINCE JUL 1   5021                      5466   -445     5290

 COOLING
  YESTERDAY        0                         0      0        0
  MONTH TO DATE    0                         0      0        2
  SINCE MAR 1      0                         0      0        2
  SINCE JAN 1      0                         0      0        2
..................................................................


WIND (MPH)
  HIGHEST WIND SPEED    10   HIGHEST WIND DIRECTION    NW (300)
  HIGHEST GUST SPEED    18   HIGHEST GUST DIRECTION    NW (300)
  AVERAGE WIND SPEED     3.5


SKY COVER
  POSSIBLE SUNSHINE  MM
  AVERAGE SKY COVER 0.0


WEATHER CONDITIONS
 THE FOLLOWING WEATHER WAS RECORDED YESTERDAY.
  NO SIGNIFICANT WEATHER WAS OBSERVED.


RELATIVE HUMIDITY (PERCENT)
 HIGHEST    92           400 AM
 LOWEST     38           500 PM

..........................................................


THE MT SHASTA CITY CA CLIMATE NORMALS FOR TODAY
                         NORMAL    RECORD    YEAR
 MAXIMUM TEMPERATURE (F)   71        90      2001
 MINIMUM TEMPERATURE (F)   41        26      1960


SUNRISE AND SUNSET
MAY 22 2018...........SUNRISE   544 AM PDT   SUNSET   828 PM PDT
MAY 23 2018...........SUNRISE   544 AM PDT   SUNSET   829 PM PDT


-  INDICATES NEGATIVE NUMBERS.
R  INDICATES RECORD WAS SET OR TIED.
MM INDICATES DATA IS MISSING.
T  INDICATES TRACE AMOUNT.




$$
