000
CDUS43 KMKX 252127
CLIMKE


CLIMATE REPORT
NATIONAL WEATHER SERVICE IN MILWAUKEE
421 PM CDT WED APR 25 2018


...................................

...THE MILWAUKEE WI CLIMATE SUMMARY FOR APRIL 25 2018...
VALID TODAY AS OF 0400 PM LOCAL TIME.

CLIMATE NORMAL PERIOD 1981 TO 2010
CLIMATE RECORD PERIOD 1871 TO 2018


WEATHER ITEM   OBSERVED TIME   RECORD YEAR NORMAL DEPARTURE LAST
                VALUE   (LST)  VALUE       VALUE  FROM      YEAR
                                                  NORMAL
..................................................................
TEMPERATURE (F)
 TODAY
  MAXIMUM         50   1015 AM  87    1990  57     -7       70
  MINIMUM         39    500 AM  27    1887  40     -1       48
  AVERAGE         45                        49     -4       59

PRECIPITATION (IN)
  TODAY            0.00          1.54 1979   0.11  -0.11     0.00
  MONTH TO DATE    2.92                      2.98  -0.06     3.87
  SINCE MAR 1      3.58                      5.25  -1.67     7.59
  SINCE JAN 1      8.40                      8.66  -0.26    11.60

SNOWFALL (IN)
  TODAY            0.0           0.1  1976   0.0    0.0      0.0
  MONTH TO DATE   10.0                       1.9    8.1      0.0
  SINCE MAR 1     14.0                       8.9    5.1     13.6
  SINCE JUL 1     46.7                      46.7    0.0     37.6
  SNOW DEPTH       0

DEGREE DAYS
 HEATING
  TODAY           20                        16      4        6
  MONTH TO DATE  686                       512    174      340
  SINCE MAR 1   1610                      1441    169     1227
  SINCE JUL 1   6222                      6421   -199     5226

 COOLING
  TODAY            0                         0      0        0
  MONTH TO DATE    0                         0      0        2
  SINCE MAR 1      0                         0      0        2
  SINCE JAN 1      0                         0      0        2
..................................................................


WIND (MPH)
  HIGHEST WIND SPEED    26   HIGHEST WIND DIRECTION     N (10)
  HIGHEST GUST SPEED    38   HIGHEST GUST DIRECTION     N (10)
  AVERAGE WIND SPEED    16.6


SKY COVER
  POSSIBLE SUNSHINE  MM
  AVERAGE SKY COVER 0.3


WEATHER CONDITIONS
 THE FOLLOWING WEATHER WAS RECORDED TODAY.
  NO SIGNIFICANT WEATHER WAS OBSERVED.


RELATIVE HUMIDITY (PERCENT)
 HIGHEST    79           500 AM
 LOWEST     50          1000 AM
 AVERAGE    65

..........................................................


THE MILWAUKEE WI CLIMATE NORMALS FOR TOMORROW
                         NORMAL    RECORD    YEAR
 MAXIMUM TEMPERATURE (F)   58        85      1994
                                             1990
                                             1962
 MINIMUM TEMPERATURE (F)   41        27      1972


SUNRISE AND SUNSET
APRIL 25 2018.........SUNRISE   554 AM CDT   SUNSET   746 PM CDT
APRIL 26 2018.........SUNRISE   553 AM CDT   SUNSET   747 PM CDT


-  INDICATES NEGATIVE NUMBERS.
R  INDICATES RECORD WAS SET OR TIED.
MM INDICATES DATA IS MISSING.
T  INDICATES TRACE AMOUNT.




$$
