000
CDUS44 KMEG 260633
CLIMKL


CLIMATE REPORT
NATIONAL WEATHER SERVICE MEMPHIS TN
133 AM CDT SAT MAY 26 2018


...................................

...THE JACKSON CLIMATE SUMMARY FOR MAY 25 2018...

CLIMATE NORMAL PERIOD 1981 TO 2010
CLIMATE RECORD PERIOD 1948 TO 2018


WEATHER ITEM   OBSERVED TIME   RECORD YEAR NORMAL DEPARTURE LAST
                VALUE   (LST)  VALUE       VALUE  FROM      YEAR
                                                  NORMAL
..................................................................
TEMPERATURE (F)
 YESTERDAY
  MAXIMUM         83   1130 AM  93    1996  82      1       77
                                      1978
                                      1964
  MINIMUM         68    532 AM  47    2013  60      8       51
  AVERAGE         76                        71      5       64

PRECIPITATION (IN)
  YESTERDAY        0.14          2.13 1963   0.17  -0.03     0.00
  MONTH TO DATE    3.29                      4.59  -1.30     1.92
  SINCE MAR 1     14.62                     14.20   0.42    15.37
  SINCE JAN 1     33.33                     22.44  10.89    20.20

DEGREE DAYS
 HEATING
  YESTERDAY        0                         1     -1        1
  MONTH TO DATE    1                        44    -43       42
  SINCE MAR 1    754                       686     68      480
  SINCE JUL 1   3497                      3570    -73     2520

 COOLING
  YESTERDAY       11                         7      4        0
  MONTH TO DATE  243                       113    130      108
  SINCE MAR 1    258                       171     87      210
  SINCE JAN 1    276                       172    104      212
..................................................................


WIND (MPH)
  HIGHEST WIND SPEED    12   HIGHEST WIND DIRECTION    NW (330)
  HIGHEST GUST SPEED    16   HIGHEST GUST DIRECTION    SE (150)
  AVERAGE WIND SPEED     2.7


SKY COVER
  POSSIBLE SUNSHINE  MM
  AVERAGE SKY COVER 0.4


WEATHER CONDITIONS
 THE FOLLOWING WEATHER WAS RECORDED YESTERDAY.
  THUNDERSTORM
  LIGHT RAIN
  FOG
  FOG W/VISIBILITY <= 1/4 MILE


RELATIVE HUMIDITY (PERCENT)
 HIGHEST   100           100 AM
 LOWEST     69          1000 AM
 AVERAGE    85

..........................................................


THE JACKSON CLIMATE NORMALS FOR TODAY
                         NORMAL    RECORD    YEAR
 MAXIMUM TEMPERATURE (F)   82        94      1978
 MINIMUM TEMPERATURE (F)   60        46      1988
                                             1979
                                             1961


SUNRISE AND SUNSET
MAY 26 2018...........SUNRISE   544 AM CDT   SUNSET   802 PM CDT
MAY 27 2018...........SUNRISE   543 AM CDT   SUNSET   803 PM CDT


-  INDICATES NEGATIVE NUMBERS.
R  INDICATES RECORD WAS SET OR TIED.
MM INDICATES DATA IS MISSING.
T  INDICATES TRACE AMOUNT.




$$
