000
CDUS45 KBYZ 220915
CLIMLS


CLIMATE REPORT
NATIONAL WEATHER SERVICE BILLINGS MT
314 AM MDT SUN APR 22 2018


...................................

...THE MILES CITY MT CLIMATE SUMMARY FOR APRIL 21 2018...

CLIMATE NORMAL PERIOD 1981 TO 2010
CLIMATE RECORD PERIOD 1937 TO 2018


WEATHER ITEM   OBSERVED TIME   RECORD YEAR NORMAL DEPARTURE LAST
                VALUE   (LST)  VALUE       VALUE  FROM      YEAR
                                                  NORMAL
..................................................................
TEMPERATURE (F)
 YESTERDAY
  MAXIMUM         71    449 PM  92    1980  61     10       65
  MINIMUM         38    542 AM  12    2008  35      3       38
  AVERAGE         55                        48      7       52

PRECIPITATION (IN)
  YESTERDAY        0.00          1.22 1999   0.05  -0.05     0.01
  MONTH TO DATE    1.72                      0.85   0.87     0.75
  SINCE OCT 1      4.32                      3.60   0.72     2.87
  SINCE JAN 1      3.13                      2.00   1.13     1.78

DEGREE DAYS
 HEATING
  YESTERDAY       10                        17     -7       13
  MONTH TO DATE  598                       431    167      323
  SINCE MAR 1   1784                      1372    412     1125
  SINCE JUL 1   8050                      7106    944     6677

 COOLING
  YESTERDAY        0                         0      0        0
  MONTH TO DATE    0                         0      0        0
  SINCE MAR 1      0                         0      0        0
  SINCE JAN 1      0                         0      0        0
..................................................................


WIND (MPH)
  HIGHEST WIND SPEED    25   HIGHEST WIND DIRECTION     N (20)
  HIGHEST GUST SPEED    32   HIGHEST GUST DIRECTION     N (20)
  AVERAGE WIND SPEED    10.9


SKY COVER
  POSSIBLE SUNSHINE  MM
  AVERAGE SKY COVER 0.0


WEATHER CONDITIONS
 THE FOLLOWING WEATHER WAS RECORDED YESTERDAY.
  NO SIGNIFICANT WEATHER WAS OBSERVED.


RELATIVE HUMIDITY (PERCENT)
 HIGHEST    92           300 AM
 LOWEST     34           400 PM
 AVERAGE    63

..........................................................


THE MILES CITY MT CLIMATE NORMALS FOR TODAY
                         NORMAL    RECORD    YEAR
 MAXIMUM TEMPERATURE (F)   61        87      1994
 MINIMUM TEMPERATURE (F)   35         8      1967


SUNRISE AND SUNSET
APRIL 22 2018.........SUNRISE   604 AM MDT   SUNSET   801 PM MDT
APRIL 23 2018.........SUNRISE   602 AM MDT   SUNSET   802 PM MDT


-  INDICATES NEGATIVE NUMBERS.
R  INDICATES RECORD WAS SET OR TIED.
MM INDICATES DATA IS MISSING.
T  INDICATES TRACE AMOUNT.




$$
