000
CDUS44 KSHV 240744
CLIMLU


CLIMATE REPORT
NATIONAL WEATHER SERVICE SHREVEPORT, LA
244 AM CDT THU MAY 24 2018


...................................

...THE MONROE CLIMATE SUMMARY FOR MAY 23 2018...

CLIMATE NORMAL PERIOD 1981 TO 2010
CLIMATE RECORD PERIOD 1893 TO 2018


WEATHER ITEM   OBSERVED TIME   RECORD YEAR NORMAL DEPARTURE LAST
                VALUE   (LST)  VALUE       VALUE  FROM      YEAR
                                                  NORMAL
..................................................................
TEMPERATURE (F)
 YESTERDAY
  MAXIMUM         92    407 PM  96    1996  87      5       78
                                      1918
  MINIMUM         70    320 AM  50    1963  65      5       62
  AVERAGE         81                        76      5       70

PRECIPITATION (IN)
  YESTERDAY        T             2.42 1955   0.17  -0.17     0.62
  MONTH TO DATE    1.95                      3.89  -1.94     3.63
  SINCE DEC 1     28.41                     28.04   0.37    28.93
  SINCE JAN 1     24.89                     22.75   2.14    24.10

SNOWFALL (IN)
  YESTERDAY        0.0
  MONTH TO DATE    0.0
  SINCE MAR 1      0.0
  SINCE JUL 1      1.5
  SNOW DEPTH       0

DEGREE DAYS
 HEATING
  YESTERDAY        0                         0      0        0
  MONTH TO DATE    0                         3     -3       11
  SINCE MAR 1    306                       333    -27      203
  SINCE JUL 1   2087                      2227   -140     1399

 COOLING
  YESTERDAY       16                        11      5        5
  MONTH TO DATE  293                       193    100      142
  SINCE MAR 1    393                       329     64      380
  SINCE JAN 1    430                       340     90      439
..................................................................


WIND (MPH)
  HIGHEST WIND SPEED    23   HIGHEST WIND DIRECTION    NE (60)
  HIGHEST GUST SPEED    28   HIGHEST GUST DIRECTION    NE (60)
  AVERAGE WIND SPEED     2.7


SKY COVER
  POSSIBLE SUNSHINE  MM
  AVERAGE SKY COVER 0.2


WEATHER CONDITIONS
 THE FOLLOWING WEATHER WAS RECORDED YESTERDAY.
  THUNDERSTORM
  LIGHT RAIN
  FOG


RELATIVE HUMIDITY (PERCENT)
 HIGHEST   100          1200 AM
 LOWEST     52           400 PM
 AVERAGE    76

..........................................................


THE MONROE CLIMATE NORMALS FOR TODAY
                         NORMAL    RECORD    YEAR
 MAXIMUM TEMPERATURE (F)   87        95      2010
                                             1996
 MINIMUM TEMPERATURE (F)   65        49      1931


SUNRISE AND SUNSET
MAY 24 2018...........SUNRISE   605 AM CDT   SUNSET   806 PM CDT
MAY 25 2018...........SUNRISE   604 AM CDT   SUNSET   806 PM CDT


-  INDICATES NEGATIVE NUMBERS.
R  INDICATES RECORD WAS SET OR TIED.
MM INDICATES DATA IS MISSING.
T  INDICATES TRACE AMOUNT.




$$
