000
CDUS43 KBIS 230732
CLIMOT


CLIMATE REPORT
NATIONAL WEATHER SERVICE BISMARCK ND
231 AM CDT MON APR 23 2018


...................................

...THE MINOT ND CLIMATE SUMMARY FOR APRIL 22 2018...

CLIMATE NORMAL PERIOD 1981 TO 2010
CLIMATE RECORD PERIOD 1897 TO 2018


WEATHER ITEM   OBSERVED TIME   RECORD YEAR NORMAL DEPARTURE LAST
                VALUE   (LST)  VALUE       VALUE  FROM      YEAR
                                                  NORMAL
..................................................................
TEMPERATURE (F)
 YESTERDAY
  MAXIMUM         65    559 PM  87    1990  59      6       54
  MINIMUM         41   1159 PM  14    1909  34      7       33
  AVERAGE         53                        46      7       44

PRECIPITATION (IN)
  YESTERDAY        T             0.34 1957   0.04  -0.04      T
  MONTH TO DATE    0.01                      0.72  -0.71     0.20
  SINCE MAR 1      0.64                      1.56  -0.92     0.51
  SINCE JAN 1      0.75                      2.47  -1.72     0.65

DEGREE DAYS
 HEATING
  YESTERDAY       12                        19     -7       21
  MONTH TO DATE  795                       518    277      420
  SINCE MAR 1   2032                      1657    375     1571
  SINCE JUL 1   8550                      8233    317     7507

 COOLING
  YESTERDAY        0                         0      0        0
  MONTH TO DATE    0                         0      0        0
  SINCE MAR 1      0                         0      0        0
  SINCE JAN 1      0                         0      0        0
..................................................................


WIND (MPH)
  HIGHEST WIND SPEED    26   HIGHEST WIND DIRECTION     S (170)
  HIGHEST GUST SPEED    38   HIGHEST GUST DIRECTION     S (170)
  AVERAGE WIND SPEED    10.4


SKY COVER
  POSSIBLE SUNSHINE  MM
  AVERAGE SKY COVER 0.2


WEATHER CONDITIONS
 THE FOLLOWING WEATHER WAS RECORDED YESTERDAY.
  NO SIGNIFICANT WEATHER WAS OBSERVED.


RELATIVE HUMIDITY (PERCENT)
 HIGHEST    79           600 AM
 LOWEST     25           200 PM
 AVERAGE    52

..........................................................


THE MINOT ND CLIMATE NORMALS FOR TODAY
                         NORMAL    RECORD    YEAR
 MAXIMUM TEMPERATURE (F)   59        85      2012
 MINIMUM TEMPERATURE (F)   35        13      1918
                                             1967


SUNRISE AND SUNSET
APRIL 23 2018.........SUNRISE   640 AM CDT   SUNSET   848 PM CDT
APRIL 24 2018.........SUNRISE   638 AM CDT   SUNSET   849 PM CDT


-  INDICATES NEGATIVE NUMBERS.
R  INDICATES RECORD WAS SET OR TIED.
MM INDICATES DATA IS MISSING.
T  INDICATES TRACE AMOUNT.




$$
