000
CDUS43 KMPX 190825
CLIMPX


CLIMATE REPORT
NATIONAL WEATHER SERVICE CHANHASSEN MN
324 AM CDT THU APR 19 2018


...................................

...THE CHANHASSEN MN CLIMATE SUMMARY FOR APRIL 18 2018...

CLIMATE NORMAL PERIOD 1981 TO 2010
CLIMATE RECORD PERIOD 1995 TO 2018


WEATHER ITEM   OBSERVED TIME   RECORD YEAR NORMAL DEPARTURE LAST
                VALUE   (LST)  VALUE       VALUE  FROM      YEAR
                                                  NORMAL
..................................................................
TEMPERATURE (F)
 YESTERDAY
  MAXIMUM         40        MM  MM      MM  59    -19       62
  MINIMUM         30        MM  MM      MM  37     -7       46
  AVERAGE         35                        48    -13       54

PRECIPITATION (IN)
  YESTERDAY        T            MM      MM   0.10  -0.10     0.21
  MONTH TO DATE    2.55                      1.73   0.82     2.42
  SINCE MAR 1      3.84                      3.51   0.33     3.16
  SINCE JAN 1      6.54                      5.32   1.22     4.76

SNOWFALL (IN)
  YESTERDAY        T            MM      MM   0.1   -0.1      0.0
  MONTH TO DATE   28.1                       2.7   25.4      0.6
  SINCE MAR 1     38.7                      13.5   25.2      6.1
  SINCE JUL 1     80.2                      53.2   27.0     38.5
  SNOW DEPTH       6

DEGREE DAYS
 HEATING
  YESTERDAY       30                        17     13       11
  MONTH TO DATE  689                       387    302      276
  SINCE MAR 1   1770                      1433    337     1290
  SINCE JUL 1   7874                      7448    426     6359

 COOLING
  YESTERDAY        0                         0      0        0
  MONTH TO DATE    0                         0      0        0
  SINCE MAR 1      0                         0      0        0
  SINCE JAN 1      0                         0      0        0
..................................................................


WIND (MPH)
  HIGHEST WIND SPEED    MM   HIGHEST WIND DIRECTION    MM
  HIGHEST GUST SPEED    MM   HIGHEST GUST DIRECTION    MM
  AVERAGE WIND SPEED    MM


SKY COVER
  POSSIBLE SUNSHINE  MM
  AVERAGE SKY COVER  MM


WEATHER CONDITIONS
 THE FOLLOWING WEATHER WAS RECORDED YESTERDAY.
  NO SIGNIFICANT WEATHER WAS OBSERVED.


RELATIVE HUMIDITY (PERCENT)
 HIGHEST    MM
 LOWEST     MM
 AVERAGE    MM

..........................................................


THE CHANHASSEN MN CLIMATE NORMALS FOR TODAY
                         NORMAL    RECORD    YEAR
 MAXIMUM TEMPERATURE (F)   59        MM        MM
 MINIMUM TEMPERATURE (F)   38        MM        MM


SUNRISE AND SUNSET
APRIL 19 2018.........SUNRISE   623 AM CDT   SUNSET   805 PM CDT
APRIL 20 2018.........SUNRISE   621 AM CDT   SUNSET   806 PM CDT


-  INDICATES NEGATIVE NUMBERS.
R  INDICATES RECORD WAS SET OR TIED.
MM INDICATES DATA IS MISSING.
T  INDICATES TRACE AMOUNT.




$$
