000
CDUS44 KHUN 262130
CLIMSL


CLIMATE REPORT
NATIONAL WEATHER SERVICE HUNTSVILLE AL
429 PM CDT SAT MAY 26 2018


...................................

...THE MUSCLE SHOALS CLIMATE SUMMARY FOR MAY 26 2018...
VALID TODAY AS OF 0400 PM LOCAL TIME.

CLIMATE NORMAL PERIOD 1981 TO 2010
CLIMATE RECORD PERIOD 1893 TO 2018


WEATHER ITEM   OBSERVED TIME   RECORD YEAR NORMAL DEPARTURE LAST
                VALUE   (LST)  VALUE       VALUE  FROM      YEAR
                                                  NORMAL
..................................................................
TEMPERATURE (F)
 TODAY
  MAXIMUM         85    259 PM  97    2012  83      2       88
  MINIMUM         69    416 AM  42    1925  62      7       55
  AVERAGE         77                        72      5       72

PRECIPITATION (IN)
  TODAY            0.00          3.09 1994   0.16  -0.16     0.00
  MONTH TO DATE    1.87                      4.28  -2.41     3.27
  SINCE MAR 1     13.86                     13.39   0.47    12.04
  SINCE JAN 1     28.20                     22.66   5.54    19.28

SNOWFALL (IN)
  TODAY            0.0
  MONTH TO DATE    0.0
  SINCE MAR 1      T
  SINCE JUL 1      0.6
  SNOW DEPTH       0

DEGREE DAYS
 HEATING
  TODAY            0                         0      0        0
  MONTH TO DATE    0                        29    -29       34
  SINCE MAR 1    609                       567     42      414
  SINCE JUL 1   2957                      3102   -145     2094

 COOLING
  TODAY           12                         8      4        7
  MONTH TO DATE  283                       138    145      130
  SINCE MAR 1    308                       202    106      270
  SINCE JAN 1    336                       203    133      278
..................................................................


WIND (MPH)
  HIGHEST WIND SPEED     9   HIGHEST WIND DIRECTION     S (200)
  HIGHEST GUST SPEED    11   HIGHEST GUST DIRECTION     E (100)
  AVERAGE WIND SPEED     2.7


SKY COVER
  POSSIBLE SUNSHINE  MM
  AVERAGE SKY COVER 0.7


WEATHER CONDITIONS
 THE FOLLOWING WEATHER WAS RECORDED TODAY.
  HAZE


RELATIVE HUMIDITY (PERCENT)
 HIGHEST    97          1200 AM
 LOWEST     59           300 PM
 AVERAGE    78

..........................................................


THE MUSCLE SHOALS CLIMATE NORMALS FOR TOMORROW
                         NORMAL    RECORD    YEAR
 MAXIMUM TEMPERATURE (F)   84        97      2012
 MINIMUM TEMPERATURE (F)   62        39      1961


SUNRISE AND SUNSET
MAY 26 2018...........SUNRISE   541 AM CDT   SUNSET   755 PM CDT
MAY 27 2018...........SUNRISE   540 AM CDT   SUNSET   755 PM CDT


-  INDICATES NEGATIVE NUMBERS.
R  INDICATES RECORD WAS SET OR TIED.
MM INDICATES DATA IS MISSING.
T  INDICATES TRACE AMOUNT.




$$
