000
CDUS45 KGJT 232332
CLIMTJ


CLIMATE REPORT
NATIONAL WEATHER SERVICE GRAND JUNCTION CO
529 PM MDT WED MAY 23 2018


...................................

...THE MONTROSE CO CLIMATE SUMMARY FOR MAY 23 2018...
VALID TODAY AS OF 0500 PM LOCAL TIME.

CLIMATE NORMAL PERIOD 1981 TO 2010
CLIMATE RECORD PERIOD 9999 TO 9999


WEATHER ITEM   OBSERVED TIME   RECORD YEAR NORMAL DEPARTURE LAST
                VALUE   (LST)  VALUE       VALUE  FROM      YEAR
                                                  NORMAL
..................................................................
TEMPERATURE (F)
 TODAY
  MAXIMUM         80    345 PM  MM      MM  76      4       68
  MINIMUM         39    417 AM  MM      MM  45     -6       45
  AVERAGE         60                        61     -1       57

PRECIPITATION (IN)
  TODAY            0.00         MM      MM   0.02  -0.02      T
  MONTH TO DATE    0.15                      0.92  -0.77     0.98
  SINCE MAR 1      0.97                      2.91  -1.94     1.91
  SINCE JAN 1      1.86                      4.14  -2.28     3.39

SNOWFALL (IN)
  TODAY           MM            MM      MM  MM     MM       MM
  MONTH TO DATE   MM                        MM     MM       MM
  SINCE MAR 1     MM                        MM     MM       MM
  SINCE JUL 1     MM                        MM     MM       MM
  SNOW DEPTH      MM

DEGREE DAYS
 HEATING
  TODAY            5                         5      0        8
  MONTH TO DATE  117                       192    -75      227
  SINCE MAR 1   1258                      1415   -157     1241
  SINCE JUL 1   5394                      6130   -736     5163

 COOLING
  TODAY            0                         1     -1        0
  MONTH TO DATE   17                         5     12        2
  SINCE MAR 1     17                         5     12        2
  SINCE JAN 1     17                         5     12        2
..................................................................


WIND (MPH)
  HIGHEST WIND SPEED    23   HIGHEST WIND DIRECTION    SW (240)
  HIGHEST GUST SPEED    35   HIGHEST GUST DIRECTION     W (260)
  AVERAGE WIND SPEED     7.9


SKY COVER
  POSSIBLE SUNSHINE  MM
  AVERAGE SKY COVER 0.2


WEATHER CONDITIONS
 THE FOLLOWING WEATHER WAS RECORDED TODAY.
  NO SIGNIFICANT WEATHER WAS OBSERVED.


RELATIVE HUMIDITY (PERCENT)
 HIGHEST    82           200 AM
 LOWEST      8           400 PM
 AVERAGE    45

..........................................................


THE MONTROSE CO CLIMATE NORMALS FOR TOMORROW
                         NORMAL    RECORD    YEAR
 MAXIMUM TEMPERATURE (F)   77        MM        MM
 MINIMUM TEMPERATURE (F)   45        MM        MM


SUNRISE AND SUNSET
MAY 23 2018...........SUNRISE   554 AM MDT   SUNSET   823 PM MDT
MAY 24 2018...........SUNRISE   553 AM MDT   SUNSET   824 PM MDT


-  INDICATES NEGATIVE NUMBERS.
R  INDICATES RECORD WAS SET OR TIED.
MM INDICATES DATA IS MISSING.
T  INDICATES TRACE AMOUNT.




$$
