000
CDUS45 KBOI 260931
CLIMYL


CLIMATE REPORT
NATIONAL WEATHER SERVICE BOISE ID
331 AM MDT THU APR 26 2018


...................................

...THE MCCALL ID CLIMATE SUMMARY FOR APRIL 25 2018...

CLIMATE NORMAL PERIOD 1981 TO 2010
CLIMATE RECORD PERIOD 1930 TO 2018


WEATHER ITEM   OBSERVED TIME   RECORD YEAR NORMAL DEPARTURE LAST
                VALUE   (LST)  VALUE       VALUE  FROM      YEAR
                                                  NORMAL
..................................................................
TEMPERATURE (F)
 YESTERDAY
  MAXIMUM         66    335 PM  84    1910  52     14       46
  MINIMUM         29    542 AM  17    1907  27      2       32
  AVERAGE         48                        40      8       39

PRECIPITATION (IN)
  YESTERDAY        0.00          0.66 1975   0.06  -0.06     0.05
  MONTH TO DATE    2.55                      1.61   0.94     3.36
  SINCE OCT 1     18.13                     13.46   4.67    26.03
  SINCE JAN 1     11.28                      7.28   4.00    17.54

DEGREE DAYS
 HEATING
  YESTERDAY       17                        25     -8       26
  MONTH TO DATE  656                       724    -68      677
  SINCE MAR 1   1749                      1838    -89     1633
  SINCE JUL 1   7592                      8513   -921     7836

 COOLING
  YESTERDAY        0                         0      0        0
  MONTH TO DATE    0                         0      0        0
  SINCE MAR 1      0                         0      0        0
  SINCE JAN 1      0                         0      0        0
..................................................................


WIND (MPH)
  HIGHEST WIND SPEED    15   HIGHEST WIND DIRECTION     W (260)
  HIGHEST GUST SPEED    19   HIGHEST GUST DIRECTION     W (260)
  AVERAGE WIND SPEED     3.5


SKY COVER
  AVERAGE SKY COVER 0.0


WEATHER CONDITIONS
 THE FOLLOWING WEATHER WAS RECORDED YESTERDAY.
  NO SIGNIFICANT WEATHER WAS OBSERVED.


RELATIVE HUMIDITY (PERCENT)
 HIGHEST    92           600 AM
 LOWEST     22           300 PM
 AVERAGE    57

..........................................................


THE MCCALL ID CLIMATE NORMALS FOR TODAY
                         NORMAL    RECORD    YEAR
 MAXIMUM TEMPERATURE (F)   52        78      1977
 MINIMUM TEMPERATURE (F)   28        10      2008


SUNRISE AND SUNSET
APRIL 26 2018.........SUNRISE   641 AM MDT   SUNSET   844 PM MDT
APRIL 27 2018.........SUNRISE   640 AM MDT   SUNSET   845 PM MDT


-  INDICATES NEGATIVE NUMBERS.
R  INDICATES RECORD WAS SET OR TIED.
MM INDICATES DATA IS MISSING.
T  INDICATES TRACE AMOUNT.




$$
