000
CDUS44 KLIX 280704
CLINEW


CLIMATE REPORT
NATIONAL WEATHER SERVICE NEW ORLEANS
NATIONAL WEATHER SERVICE NEW ORL
202 AM CDT MON MAY 28 2018


...................................

...THE NEW ORLEANS CLIMATE SUMMARY FOR MAY 27 2018...

CLIMATE NORMAL PERIOD 1981 TO 2010
CLIMATE RECORD PERIOD 1946 TO 2018


WEATHER ITEM   OBSERVED TIME   RECORD YEAR NORMAL DEPARTURE LAST
                VALUE   (LST)  VALUE       VALUE  FROM      YEAR
                                                  NORMAL
..................................................................
TEMPERATURE (F)
 YESTERDAY
  MAXIMUM         90    443 PM  94    2012  87      3       89
                                      1982
                                      1978
  MINIMUM         70    250 AM  54    1961  71     -1       76
  AVERAGE         80                        79      1       83

PRECIPITATION (IN)
  YESTERDAY        0.01          0.87 1975   0.17  -0.16     0.00
  MONTH TO DATE    1.70                      3.88  -2.18     7.32
  SINCE MAR 1     10.52                     13.04  -2.52    15.65
  SINCE JAN 1     18.16                     23.49  -5.33    23.29

SNOWFALL (IN)
  YESTERDAY        0.0
  MONTH TO DATE    0.0
  SINCE MAR 1      0.0
  SINCE JUL 1      T
  SNOW DEPTH       0

DEGREE DAYS
 HEATING
  YESTERDAY        0                         0      0        0
  MONTH TO DATE    0                         0      0        5
  SINCE MAR 1    120                       170    -50       74
  SINCE JUL 1   1119                      1279   -160      635

 COOLING
  YESTERDAY       15                        14      1       18
  MONTH TO DATE  394                       303     91      238
  SINCE MAR 1    600                       523     77      585
  SINCE JAN 1    749                       560    189      705
..................................................................


WIND (MPH)
  HIGHEST WIND SPEED    14   HIGHEST WIND DIRECTION     N (20)
  HIGHEST GUST SPEED    18   HIGHEST GUST DIRECTION    NE (40)
  AVERAGE WIND SPEED     6.2


SKY COVER
  POSSIBLE SUNSHINE  MM
  AVERAGE SKY COVER 0.4


WEATHER CONDITIONS
 THE FOLLOWING WEATHER WAS RECORDED YESTERDAY.
  RAIN
  FOG
  HAZE


RELATIVE HUMIDITY (PERCENT)
 HIGHEST   100           200 AM
 LOWEST     52           200 PM
 AVERAGE    76

..........................................................


THE NEW ORLEANS CLIMATE NORMALS FOR TODAY
                         NORMAL    RECORD    YEAR
 MAXIMUM TEMPERATURE (F)   88        96      1953
 MINIMUM TEMPERATURE (F)   71        54      1961


SUNRISE AND SUNSET
MAY 28 2018...........SUNRISE   602 AM CDT   SUNSET   755 PM CDT
MAY 29 2018...........SUNRISE   601 AM CDT   SUNSET   756 PM CDT


-  INDICATES NEGATIVE NUMBERS.
R  INDICATES RECORD WAS SET OR TIED.
MM INDICATES DATA IS MISSING.
T  INDICATES TRACE AMOUNT.




$$
