000
CDUS41 KOKX 250621
CLINYC


CLIMATE REPORT
NATIONAL WEATHER SERVICE NEW YORK NY
221 AM EDT FRI MAY 25 2018


...................................

...THE CENTRAL PARK NY CLIMATE SUMMARY FOR MAY 24 2018...

CLIMATE NORMAL PERIOD 1981 TO 2010
CLIMATE RECORD PERIOD 1869 TO 2018


WEATHER ITEM   OBSERVED TIME   RECORD YEAR NORMAL DEPARTURE LAST
                VALUE   (LST)  VALUE       VALUE  FROM      YEAR
                                                  NORMAL
..................................................................
TEMPERATURE (F)
 YESTERDAY
  MAXIMUM         83    221 PM  93    1975  73     10       69
  MINIMUM         63    443 AM  39    1963  56      7       56
  AVERAGE         73                        65      8       63

PRECIPITATION (IN)
  YESTERDAY        0.00          2.07 1978   0.15  -0.15     0.04
  MONTH TO DATE    2.99                      3.15  -0.16     5.48
  SINCE MAR 1     13.94                     12.01   1.93    14.57
  SINCE JAN 1     21.95                     18.75   3.20    21.88

SNOWFALL (IN)
  YESTERDAY        0.0           0.0  2002   0.0    0.0      0.0
                                      2001
  MONTH TO DATE    0.0                       0.0    0.0      0.0
  SINCE OCT 1     40.9                      25.8   15.1     30.2
  SINCE JUL 1     40.9                      25.8   15.1     30.2
  SNOW DEPTH       0

DEGREE DAYS
 HEATING
  YESTERDAY        0                         3     -3        2
  MONTH TO DATE   58                       121    -63      145
  SINCE MAR 1   1289                      1192     97     1199
  SINCE JUL 1   4535                      4714   -179     4182

 COOLING
  YESTERDAY        8                         3      5        0
  MONTH TO DATE   81                        35     46       53
  SINCE MAR 1     87                        47     40       87
  SINCE JAN 1     89                        47     42       87
..................................................................


WIND (MPH)
  HIGHEST WIND SPEED    12   HIGHEST WIND DIRECTION    SW (240)
  HIGHEST GUST SPEED    21   HIGHEST GUST DIRECTION     W (260)
  AVERAGE WIND SPEED     3.0


SKY COVER
  AVERAGE SKY COVER 0.0


WEATHER CONDITIONS
 THE FOLLOWING WEATHER WAS RECORDED YESTERDAY.
  NO SIGNIFICANT WEATHER WAS OBSERVED.


RELATIVE HUMIDITY (PERCENT)
 HIGHEST    67           600 AM
 LOWEST     20          1200 PM
 AVERAGE    44

..........................................................


THE CENTRAL PARK NY CLIMATE NORMALS FOR TODAY
                         NORMAL    RECORD    YEAR
 MAXIMUM TEMPERATURE (F)   73        95      1880
 MINIMUM TEMPERATURE (F)   57        41      1925


SUNRISE AND SUNSET
MAY 25 2018...........SUNRISE   531 AM EDT   SUNSET   816 PM EDT
MAY 26 2018...........SUNRISE   530 AM EDT   SUNSET   816 PM EDT


-  INDICATES NEGATIVE NUMBERS.
R  INDICATES RECORD WAS SET OR TIED.
MM INDICATES DATA IS MISSING.
T  INDICATES TRACE AMOUNT.




$$
