000
CDUS43 KGID 230639
CLIODX


CLIMATE REPORT
NATIONAL WEATHER SERVICE HASTINGS NE
138 AM CDT MON APR 23 2018


...................................

...THE ORD NE CLIMATE SUMMARY FOR APRIL 22 2018...

CLIMATE NORMAL PERIOD 1981 TO 2010
CLIMATE RECORD PERIOD 1895 TO 2018


WEATHER ITEM   OBSERVED TIME   NORMAL DEPARTURE LAST
                VALUE   (LST)  VALUE  FROM      YEAR
                                      NORMAL
......................................................
TEMPERATURE (F)
 YESTERDAY
  MAXIMUM         63    544 PM  64     -1       64
  MINIMUM         35    634 AM  38     -3       34
  AVERAGE         49            51     -2       49

PRECIPITATION (IN)
  YESTERDAY        0.00          0.10  -0.10     0.00
  MONTH TO DATE    0.91          1.75  -0.84     1.67
  SINCE MAR 1      1.53          3.20  -1.67     3.50
  SINCE JAN 1      2.89          4.01  -1.12     5.44

DEGREE DAYS
 HEATING
  YESTERDAY       16            14      2       16
  MONTH TO DATE  627           386    241      280
  SINCE MAR 1   1467          1232    235     1009
  SINCE JUL 1   6604          6249    355     5520

 COOLING
  YESTERDAY        0             0      0        0
  MONTH TO DATE    0             0      0        0
  SINCE MAR 1      0             0      0        0
  SINCE JAN 1      0             0      0        0
......................................................


WIND (MPH)
  HIGHEST WIND SPEED    12   HIGHEST WIND DIRECTION     S (170)
  HIGHEST GUST SPEED    17   HIGHEST GUST DIRECTION     S (170)
  AVERAGE WIND SPEED     3.8


SKY COVER
  AVERAGE SKY COVER 0.3


WEATHER CONDITIONS
 THE FOLLOWING WEATHER WAS RECORDED YESTERDAY.
  FOG


RELATIVE HUMIDITY (PERCENT)
 HIGHEST   100           700 AM
 LOWEST     30           300 PM
 AVERAGE    65

..........................................................


THE ORD NE CLIMATE NORMALS FOR TODAY
                         NORMAL
 MAXIMUM TEMPERATURE (F)   64
 MINIMUM TEMPERATURE (F)   39


SUNRISE AND SUNSET
APRIL 23 2018.........SUNRISE   644 AM CDT   SUNSET   825 PM CDT
APRIL 24 2018.........SUNRISE   642 AM CDT   SUNSET   826 PM CDT


-  INDICATES NEGATIVE NUMBERS.
R  INDICATES RECORD WAS SET OR TIED.
MM INDICATES DATA IS MISSING.
T  INDICATES TRACE AMOUNT.




$$
