000
CDAK49 PAFG 260945
CLIOME

CLIMATE REPORT
NATIONAL WEATHER SERVICE FAIRBANKS AK
145 AM AKDT SAT MAY 26 2018


...................................

...THE NOME AK CLIMATE SUMMARY FOR MAY 25 2018...

CLIMATE NORMAL PERIOD 1981 TO 2010
CLIMATE RECORD PERIOD 1906 TO 2018


WEATHER ITEM   OBSERVED TIME   RECORD YEAR NORMAL DEPARTURE LAST
                VALUE   (LST)  VALUE       VALUE  FROM      YEAR
                                                  NORMAL
..................................................................
TEMPERATURE (F)
 YESTERDAY
  MAXIMUM         43    434 PM  75    1969  47     -4       36
  MINIMUM         32    505 AM  21    1976  34     -2       32
  AVERAGE         38                        41     -3       34

PRECIPITATION (IN)
  YESTERDAY        0.00          0.38 2016   0.03  -0.03     0.01
  MONTH TO DATE    0.30                      0.69  -0.39     0.59
  SINCE MAR 1      3.70                      2.10   1.60     0.75
  SINCE JAN 1      5.62                      3.97   1.65     2.50

SNOWFALL (IN)
  YESTERDAY        0.0           2.5  2001   0.0    0.0       T
  MONTH TO DATE    T                         2.1   -2.1       T
  SINCE MAR 1     42.5                      18.5   24.0      2.0
  SINCE JUL 1    115.8                      75.2   40.6     54.2
  SNOW DEPTH       T

DEGREE DAYS
 HEATING
  YESTERDAY       27                        24      3       31
  MONTH TO DATE  725                       736    -11      660
  SINCE MAR 1   3360                      3767   -407     3677
  SINCE JUL 1  11541                     13046  -1505    12472

 COOLING
  YESTERDAY        0                         0      0        0
  MONTH TO DATE    0                         0      0        0
  SINCE MAR 1      0                         0      0        0
  SINCE JAN 1      0                         0      0        0
..................................................................


WIND (MPH)
  HIGHEST GUST SPEED    25   HIGHEST GUST DIRECTION     W (290)


SKY COVER
  AVERAGE SKY COVER 0.4


WEATHER CONDITIONS
 THE FOLLOWING WEATHER WAS RECORDED YESTERDAY.
  NO SIGNIFICANT WEATHER WAS OBSERVED.


RELATIVE HUMIDITY (PERCENT)
 HIGHEST    82
 LOWEST     57
 AVERAGE    70

..........................................................


THE NOME AK CLIMATE NORMALS FOR TODAY
                         NORMAL    RECORD    YEAR
 MAXIMUM TEMPERATURE (F)   48        72      1997
 MINIMUM TEMPERATURE (F)   34        19      1952


SUNRISE AND SUNSET
MAY 26 2018...........SUNRISE   507 AM AKDT  SUNSET  1254 AM AKDT
MAY 27 2018...........SUNRISE   504 AM AKDT  SUNSET  1258 AM AKDT

-  INDICATES NEGATIVE NUMBERS.
R  INDICATES RECORD WAS SET OR TIED.
MM INDICATES DATA IS MISSING.
T  INDICATES TRACE AMOUNT.

&&

SNOW DEPTH IS MEASURED AT 3AM AKST/4AM AKDT.

----------------------------
AVAILABLE DAYLIGHT

AMOUNT OF DAYLIGHT TODAY  (HOUR:MIN)........19:44
GAIN/LOSS SINCE YESTERDAY (HOUR:MIN:SEC)....+0:06:20

NOME TIDAL INFORMATION FOR 26 MAY 2018
0315  +0.6
0849  -0.3
1527  +0.9
2203  -0.3

$$
HFL MAY 18
