000
CDUS45 KBOI 210932
CLIONO


CLIMATE REPORT
NATIONAL WEATHER SERVICE BOISE ID
332 AM MDT MON MAY 21 2018


...................................

...THE ONTARIO OR CLIMATE SUMMARY FOR MAY 20 2018...

CLIMATE NORMAL PERIOD 1981 TO 2010
CLIMATE RECORD PERIOD 1948 TO 2018


WEATHER ITEM   OBSERVED TIME   RECORD YEAR NORMAL DEPARTURE LAST
                VALUE   (LST)  VALUE       VALUE  FROM      YEAR
                                                  NORMAL
..................................................................
TEMPERATURE (F)
 YESTERDAY
  MAXIMUM         79    345 PM  93    1980  76      3       79
                                      1958
  MINIMUM         56    430 AM  35    2003  46     10       48
                                      1976
                                      1971
  AVERAGE         68                        61      7       64

PRECIPITATION (IN)
  YESTERDAY        0.06          0.30 1981   0.05   0.01      T
                                      1968
  MONTH TO DATE    0.71                      0.80  -0.09     1.13
  SINCE OCT 1      6.30                      8.00  -1.70    12.03
  SINCE JAN 1      3.59                      4.59  -1.00     8.71

DEGREE DAYS
 HEATING
  YESTERDAY        0                         5     -5        1
  MONTH TO DATE   37                       160   -123      155
  SINCE MAR 1   1010                      1271   -261     1135
  SINCE JUL 1   5187                      5901   -714     6009

 COOLING
  YESTERDAY        3                         1      2        0
  MONTH TO DATE   18                        15      3        6
  SINCE MAR 1     18                        16      2        6
  SINCE JAN 1     18                        16      2        6
..................................................................


WIND (MPH)
  HIGHEST WIND SPEED    23   HIGHEST WIND DIRECTION     W (250)
  HIGHEST GUST SPEED    29   HIGHEST GUST DIRECTION     W (250)
  AVERAGE WIND SPEED     6.3


SKY COVER
  AVERAGE SKY COVER 0.6


WEATHER CONDITIONS
 THE FOLLOWING WEATHER WAS RECORDED YESTERDAY.
  THUNDERSTORM
  LIGHT RAIN
  FOG


RELATIVE HUMIDITY (PERCENT)
 HIGHEST    86           700 AM
 LOWEST     35           400 PM
 AVERAGE    61

..........................................................


THE ONTARIO OR CLIMATE NORMALS FOR TODAY
                         NORMAL    RECORD    YEAR
 MAXIMUM TEMPERATURE (F)   76        96      1967
 MINIMUM TEMPERATURE (F)   46        30      1974


SUNRISE AND SUNSET
MAY 21 2018...........SUNRISE   616 AM MDT   SUNSET   914 PM MDT
MAY 22 2018...........SUNRISE   615 AM MDT   SUNSET   915 PM MDT


-  INDICATES NEGATIVE NUMBERS.
R  INDICATES RECORD WAS SET OR TIED.
MM INDICATES DATA IS MISSING.
T  INDICATES TRACE AMOUNT.




$$
