000
CDUS45 KLKN 270927
CLIP68


CLIMATE REPORT
NATIONAL WEATHER SERVICE ELKO NV
227 AM PDT SUN MAY 27 2018


...................................

...THE EUREKA AIRPORT NV CLIMATE SUMMARY FOR MAY 26 2018...

CLIMATE NORMAL PERIOD 1981 TO 2010
CLIMATE RECORD PERIOD 1963 TO 2018


WEATHER ITEM   OBSERVED TIME   RECORD YEAR NORMAL DEPARTURE LAST
                VALUE   (LST)  VALUE       VALUE  FROM      YEAR
                                                  NORMAL
..................................................................
TEMPERATURE (F)
 YESTERDAY
  MAXIMUM         66   1222 PM  88    1986  73     -7       68
  MINIMUM         35    435 AM  22    1989  36     -1       33
  AVERAGE         51                        54     -3       51

PRECIPITATION (IN)
  YESTERDAY        0.00          0.28 1987   0.02  -0.02     0.00
  MONTH TO DATE    1.16                      0.62   0.54     0.40
  SINCE OCT 1      7.16                      6.25   0.91     8.96
  SINCE JAN 1      5.97                      4.12   1.85     6.87

DEGREE DAYS
 HEATING
  YESTERDAY       14                        11      3       14
  MONTH TO DATE  317                       361    -44      321
  SINCE MAR 1   1906                      1880     26     1653
  SINCE JUL 1   6556                      7165   -609     6513

 COOLING
  YESTERDAY        0                         0      0        0
  MONTH TO DATE    0                         0      0        0
  SINCE MAR 1      0                         0      0        0
  SINCE JAN 1      0                         0      0        0
..................................................................


WIND (MPH)
  HIGHEST WIND SPEED    22   HIGHEST WIND DIRECTION     W (260)
  HIGHEST GUST SPEED    27   HIGHEST GUST DIRECTION     W (260)
  AVERAGE WIND SPEED     6.2




RELATIVE HUMIDITY (PERCENT)
 HIGHEST    85           400 AM
 LOWEST     30          1100 AM
 AVERAGE    58

..........................................................


THE EUREKA AIRPORT NV CLIMATE NORMALS FOR TODAY
                         NORMAL    RECORD    YEAR
 MAXIMUM TEMPERATURE (F)   73        90      2014
                                             2003
 MINIMUM TEMPERATURE (F)   36        24      1980


SUNRISE AND SUNSET
MAY 27 2018...........SUNRISE   521 AM PDT   SUNSET   802 PM PDT
MAY 28 2018...........SUNRISE   520 AM PDT   SUNSET   802 PM PDT


-  INDICATES NEGATIVE NUMBERS.
R  INDICATES RECORD WAS SET OR TIED.
MM INDICATES DATA IS MISSING.
T  INDICATES TRACE AMOUNT.




$$
