000
CDUS41 KPHI 250552
CLIPHL


CLIMATE REPORT
NATIONAL WEATHER SERVICE MOUNT HOLLY NJ
152 AM EDT WED APR 25 2018


...................................

...THE PHILADELPHIA PA CLIMATE SUMMARY FOR APRIL 24 2018...

CLIMATE NORMAL PERIOD 1981 TO 2010
CLIMATE RECORD PERIOD 1872 TO 2018


WEATHER ITEM   OBSERVED TIME   RECORD YEAR NORMAL DEPARTURE LAST
                VALUE   (LST)  VALUE       VALUE  FROM      YEAR
                                                  NORMAL
..................................................................
TEMPERATURE (F)
 YESTERDAY
  MAXIMUM         64   1122 AM  86    2001  67     -3       60
                                      1960
  MINIMUM         41    451 AM  33    1930  47     -6       49
  AVERAGE         53                        57     -4       55

PRECIPITATION (IN)
  YESTERDAY        0.11          1.80 1966   0.11   0.00     0.02
  MONTH TO DATE    3.24                      2.89   0.35     2.47
  SINCE MAR 1      7.98                      6.68   1.30     6.73
  SINCE JAN 1     16.85                     12.36   4.49    10.94

SNOWFALL (IN)
  YESTERDAY        0.0           T    1956   0.0    0.0      0.0
                                      1927
  MONTH TO DATE    T                         0.5   -0.5      0.0
  SINCE MAR 1     15.2                       3.4   11.8      7.0
  SINCE JUL 1     29.8                      22.4    7.4     15.0
  SNOW DEPTH       0

DEGREE DAYS
 HEATING
  YESTERDAY       12                         9      3       10
  MONTH TO DATE  389                       298     91      185
  SINCE MAR 1   1152                       963    189      888
  SINCE JUL 1   4312                      4445   -133     3714

 COOLING
  YESTERDAY        0                         1     -1        0
  MONTH TO DATE    8                         6      2       13
  SINCE MAR 1      8                         7      1       13
  SINCE JAN 1      8                         7      1       13
..................................................................


WIND (MPH)
  HIGHEST WIND SPEED    20   HIGHEST WIND DIRECTION    SE (120)
  HIGHEST GUST SPEED    25   HIGHEST GUST DIRECTION    SE (130)
  AVERAGE WIND SPEED    10.2


SKY COVER
  POSSIBLE SUNSHINE  MM
  AVERAGE SKY COVER 0.8


WEATHER CONDITIONS
 THE FOLLOWING WEATHER WAS RECORDED YESTERDAY.
  LIGHT RAIN
  FOG


RELATIVE HUMIDITY (PERCENT)
 HIGHEST    93          1000 PM
 LOWEST     48          1000 AM
 AVERAGE    71

..........................................................


THE PHILADELPHIA PA CLIMATE NORMALS FOR TODAY
                         NORMAL    RECORD    YEAR
 MAXIMUM TEMPERATURE (F)   67        92      1960
 MINIMUM TEMPERATURE (F)   47        33      1956
                                             1888


SUNRISE AND SUNSET
APRIL 25 2018.........SUNRISE   609 AM EDT   SUNSET   749 PM EDT
APRIL 26 2018.........SUNRISE   608 AM EDT   SUNSET   750 PM EDT


-  INDICATES NEGATIVE NUMBERS.
R  INDICATES RECORD WAS SET OR TIED.
MM INDICATES DATA IS MISSING.
T  INDICATES TRACE AMOUNT.




$$
