000
CDUS43 KUNR 210832
CLIPHP


CLIMATE REPORT
NATIONAL WEATHER SERVICE RAPID CITY SD
231 AM MDT SAT APR 21 2018


...................................

...THE PHILIP SD CLIMATE SUMMARY FOR APRIL 20 2018...

CLIMATE NORMAL PERIOD 1981 TO 2010
CLIMATE RECORD PERIOD 9999 TO 9999


WEATHER ITEM   OBSERVED TIME   NORMAL DEPARTURE LAST
                VALUE   (LST)  VALUE  FROM      YEAR
                                      NORMAL
......................................................
TEMPERATURE (F)
 YESTERDAY
  MAXIMUM         56   1041 AM  62     -6       61
  MINIMUM         31    443 AM  34     -3       34
  AVERAGE         44            48     -4       48

PRECIPITATION (IN)
  YESTERDAY        0.04          0.07  -0.03     0.00
  MONTH TO DATE    0.88          1.01  -0.13     1.50
  SINCE MAR 1      2.60          2.28   0.32     2.30
  SINCE JAN 1      4.03          3.06   0.97     3.37

DEGREE DAYS
 HEATING
  YESTERDAY       21            17      4       17
  MONTH TO DATE  623           411    212      312
  SINCE MAR 1   1642          1349    293     1125
  SINCE JUL 1   7182          6714    468     6185

 COOLING
  YESTERDAY        0             0      0        0
  MONTH TO DATE    0             0      0        0
  SINCE MAR 1      0             0      0        0
  SINCE JAN 1      0             0      0        0
......................................................


WIND (MPH)
  HIGHEST WIND SPEED    20   HIGHEST WIND DIRECTION    SE (150)
  HIGHEST GUST SPEED    24   HIGHEST GUST DIRECTION    SE (140)
  AVERAGE WIND SPEED    10.6


SKY COVER
  AVERAGE SKY COVER 0.5


WEATHER CONDITIONS
 THE FOLLOWING WEATHER WAS RECORDED YESTERDAY.
  LIGHT RAIN
  FOG


RELATIVE HUMIDITY (PERCENT)
 HIGHEST    96           700 PM
 LOWEST     41          1100 AM
 AVERAGE    69

..........................................................




SUNRISE AND SUNSET
APRIL 21 2018.........SUNRISE   553 AM MDT   SUNSET   738 PM MDT
APRIL 22 2018.........SUNRISE   552 AM MDT   SUNSET   739 PM MDT


-  INDICATES NEGATIVE NUMBERS.
R  INDICATES RECORD WAS SET OR TIED.
MM INDICATES DATA IS MISSING.
T  INDICATES TRACE AMOUNT.




$$
