000
CDUS45 KFGZ 220740
CLIPRC


CLIMATE REPORT
NATIONAL WEATHER SERVICE FLAGSTAFF, AZ
1240 AM MST SUN APR 22 2018


...................................

...THE PRESCOTT AZ AIRPORT CLIMATE SUMMARY FOR APRIL 21 2018...

CLIMATE NORMAL PERIOD 1981 TO 2010
CLIMATE RECORD PERIOD 1948 TO 2018


WEATHER ITEM   OBSERVED TIME   RECORD YEAR NORMAL DEPARTURE LAST
                VALUE   (LST)  VALUE       VALUE  FROM      YEAR
                                                  NORMAL
..................................................................
TEMPERATURE (F)
 YESTERDAY
  MAXIMUM         76    448 PM  86    2012  69      7       77
  MINIMUM         37    603 AM  23    1982  39     -2       42
  AVERAGE         57                        54      3

PRECIPITATION (IN)
  YESTERDAY        0.00          0.90 1988   0.01  -0.01     0.00
  MONTH TO DATE    0.00                      0.38  -0.38     0.11
  SINCE SEP 1      1.97                      8.27  -6.30    11.00
  SINCE JAN 1      1.44                      3.96  -2.52     4.25

DEGREE DAYS
 HEATING
  YESTERDAY        8                               -3
  MONTH TO DATE  173                             -112
  SINCE JUL 1   3188                             -844

 COOLING
  YESTERDAY        0                                0
  MONTH TO DATE    2                                2
  SINCE JAN 1      2                                2
..................................................................


WIND (MPH)
  HIGHEST WIND SPEED    16   HIGHEST WIND DIRECTION     N (10)
  HIGHEST GUST SPEED    20   HIGHEST GUST DIRECTION     N (340)
  AVERAGE WIND SPEED     6.8


SKY COVER
  AVERAGE SKY COVER 0.0


WEATHER CONDITIONS
 THE FOLLOWING WEATHER WAS RECORDED YESTERDAY.
  NO SIGNIFICANT WEATHER WAS OBSERVED.


RELATIVE HUMIDITY (PERCENT)
 HIGHEST    64
 LOWEST      9

..........................................................


THE PRESCOTT AZ AIRPORT CLIMATE NORMALS FOR TODAY
                         NORMAL    RECORD    YEAR
 MAXIMUM TEMPERATURE (F)   69        88      2012
 MINIMUM TEMPERATURE (F)   40        20      1963


SUNRISE AND SUNSET
APRIL 22 2018.........SUNRISE   549 AM MST   SUNSET   707 PM MST
APRIL 23 2018.........SUNRISE   548 AM MST   SUNSET   708 PM MST


-  INDICATES NEGATIVE NUMBERS.
R  INDICATES RECORD WAS SET OR TIED.
MM INDICATES DATA IS MISSING.
T  INDICATES TRACE AMOUNT.




$$
