000
CDUS46 KPDT 260920
CLIPSC

CLIMATE REPORT
NATIONAL WEATHER SERVICE PENDLETON OR
220 AM PDT SAT MAY 26 2018


...................................

...THE PASCO WA CLIMATE SUMMARY FOR MAY 25 2018...

CLIMATE NORMAL PERIOD 1981 TO 2010
CLIMATE RECORD PERIOD 1948 TO 2018


WEATHER ITEM   OBSERVED TIME   RECORD YEAR NORMAL DEPARTURE LAST
                VALUE   (LST)  VALUE       VALUE  FROM      YEAR
                                                  NORMAL
..................................................................
TEMPERATURE (F)
 YESTERDAY
  MAXIMUM         85    332 PM  98    1938  78      7       70
  MINIMUM         52    449 AM  32    1904  49      3       45
  AVERAGE         69                        63      6       58

PRECIPITATION (IN)
  YESTERDAY        T             0.55 1981   0.03  -0.03      T
  MONTH TO DATE    0.76                      0.54   0.22     0.48
  SINCE OCT 1      6.69                      7.01  -0.32     9.44
  SINCE JAN 1      3.97                      4.06  -0.09     5.67

SNOWFALL (IN)
  YESTERDAY        0.0
  SNOW DEPTH       0

DEGREE DAYS
 HEATING
  YESTERDAY        0                         3     -3        7
  MONTH TO DATE   30                       148   -118      152
  SINCE MAR 1   1001                      1089    -88     1057
  SINCE JUL 1   4704                      4972   -268     5379

 COOLING
  YESTERDAY        4                         2      2        0
  MONTH TO DATE   79                        20     59       19
  SINCE MAR 1     80                        21     59       19
  SINCE JAN 1     80                        21     59       19
..................................................................


WIND (MPH)
  RESULTANT WIND SPEED   1   RESULTANT WIND DIRECTION   W (280)
  HIGHEST WIND SPEED    15   HIGHEST WIND DIRECTION    NW (300)
  HIGHEST GUST SPEED    18   HIGHEST GUST DIRECTION    NW (310)


SKY COVER
  POSSIBLE SUNSHINE  MM
  AVERAGE SKY COVER 0.1


WEATHER CONDITIONS
 THE FOLLOWING WEATHER WAS RECORDED YESTERDAY.
  LIGHT RAIN


RELATIVE HUMIDITY (PERCENT)
 HIGHEST    89
 LOWEST     32
 AVERAGE    61

..........................................................


THE PASCO WA CLIMATE NORMALS FOR TODAY
                         NORMAL    RECORD    YEAR
 MAXIMUM TEMPERATURE (F)   78       100      1947
                                             1936
 MINIMUM TEMPERATURE (F)   49        35      1999


SUNRISE AND SUNSET
MAY 26 2018...........SUNRISE   512 AM PDT   SUNSET   835 PM PDT
MAY 27 2018...........SUNRISE   512 AM PDT   SUNSET   836 PM PDT


-  INDICATES NEGATIVE NUMBERS.
R  INDICATES RECORD WAS SET OR TIED.
MM INDICATES DATA IS MISSING.
T  INDICATES TRACE AMOUNT.

$$
